{"id":15512,"date":"2026-04-27T15:08:29","date_gmt":"2026-04-27T15:08:29","guid":{"rendered":""},"modified":"2026-04-27T15:08:29","modified_gmt":"2026-04-27T15:08:29","slug":"hs-flamingo-opravna-sada-thermax-sf-2x-500-x-300-x-30-mm-sleva-15512","status":"publish","type":"product","link":"https:\/\/www.domstavpro.com\/index.php\/produkt\/hs-flamingo-opravna-sada-thermax-sf-2x-500-x-300-x-30-mm-sleva-15512\/","title":{"rendered":"HS Flamingo Opravn\u00e1 sada THERMAX SF 2\u00d7 500 x 300 x 30 mm Sleva"},"content":{"rendered":"<div id=\"e7927465\" class=\"pages\">\n<div>\n<div id=\"PDDescription\" class=\"UserContentView userContent v1a v1 bs-view dcon dc164 PDDescription\" ><dc-con><dc-con><bs-empty><\/bs-empty><\/dc-con><dc-con>        <\/p>\n<div class=\"customDescription\">                    <\/div>\n<p><\/dc-con><dc-con>Desky THERMAX SF jsou k dispozici v opravn\u00e9m setu, kter\u00fd obsahuje v\u017edy dv\u011b desky o rozm\u011bru 500 \u00d7 300 mm s mo\u017enost\u00ed volby tlou\u0161\u0165ky desek 20 \/ 25 \/ 30 mm. Tyto desky jsou zataven\u00e9 v tvrd\u00e9 f\u00f3lii spole\u010dn\u011b s mont\u00e1\u017en\u00edm postupem. Rozm\u011br 500 \u00d7 300 mm (s mo\u017enost\u00ed volby) sta\u010d\u00ed na opravu v\u011bt\u0161iny topeni\u0161\u0165. Z\u00e1kazn\u00edk nen\u00ed nucen kupovat si zbyte\u010dn\u011b velkoform\u00e1tovou desku. Toto balen\u00ed je t\u00e9\u017e vhodn\u00e9 pro zas\u00edl\u00e1n\u00ed v bal\u00edku p\u0159epravn\u00edmi spole\u010dnostmi.<br \/>Rakousk\u00fd v\u00fdrobce produkt\u016f Thermax , firma TECHNO PHYSIK Engineering, je jednou z prvn\u00edch na sv\u011bt\u011b, kter\u00e1 p\u0159ed 30 lety zah\u00e1jila v\u00fdrobu desek z vermikulitu. Ty dnes dod\u00e1v\u00e1 do cel\u00e9ho sv\u011bta.<br \/>Vermikulit je p\u0159\u00edrodn\u00ed, 100% zdravotn\u011b nez\u00e1vadn\u00fd materi\u00e1l a v\u00fdrobky Thermax z\u00e1sluhou technologie studen\u00e9ho lisov\u00e1n\u00ed jsou mnoha kamn\u00e1\u0159i pova\u017eov\u00e1ny za v\u00fdjime\u010dn\u00e9:<br \/>Pro\u010d THERMAX<\/p>\n<p>desky Thermax jsou pevn\u00e9 a kompaktn\u00ed<br \/>nedoch\u00e1z\u00ed k\u00a0odlupov\u00e1n\u00ed hran a roh\u016f (ani p\u0159i n\u00edzk\u00fdch objemov\u00fdch hmotnostech)<br \/>nen\u00ed zapot\u0159eb\u00ed \u017e\u00e1dn\u00e9 speci\u00e1ln\u00ed penetrace, kter\u00e1 by zaji\u0161\u0165ovala \u010dist\u00fd provoz topidla<br \/>neuvol\u0148uj\u00ed p\u0159i zah\u0159\u00e1t\u00ed a instalaci nebezpe\u010dn\u00e9 dr\u00e1\u017ediv\u00e9 l\u00e1tky (podr\u00e1\u017ed\u011bn\u00ed rukou)<br \/>p\u0159i stavb\u011b krbu nemus\u00edte nosit ochrannou rou\u0161ku<br \/>piliny vznikaj\u00edc\u00ed p\u0159i \u0159ez\u00e1n\u00ed jsou t\u011b\u017ek\u00e9 a padaj\u00ed k zemi. Nevdechujete nic ne\u017e\u00e1douc\u00edho<br \/>d\u00edky bezpra\u0161n\u00e9mu zpracov\u00e1n\u00ed nem\u00e1te podr\u00e1\u017ed\u011bn\u00e9 ani o\u010di<\/p>\n<p>V\u00fdrobky Thermax dokonce nemaj\u00ed ze z\u00e1kona povinn\u00fd bezpe\u010dnostn\u00ed list, proto\u017ee nen\u00ed p\u0159ed \u010d\u00edm varovat \u010di na co upozor\u0148ovat.<\/dc-con><\/dc-con><\/div>\n<div id=\"PDDescription2\" class=\"UserContentView userContent v1a v1 bs-view dcon dc165 PDDescription2\" >\n<table class='techparam_table'>\n<tr>\n<td>Balen\u00ed<\/td>\n<td>2 ks <\/td>\n<\/tr>\n<tr>\n<td>Tepeln\u00e1 odolnost<\/td>\n<td>1100 \u00b0C<\/td>\n<\/tr>\n<tr>\n<td>Rozm\u011bry<\/td>\n<td>500&#215;300 mm<\/td>\n<\/tr>\n<tr>\n<td>Distributor pro \u010cR a SR<\/td>\n<td>HS Flamingo s.r.o. &#8211; www.hsflamingo.cz <\/td>\n<\/tr>\n<tr>\n<td>V\u00fdrobce<\/td>\n<td>TECHNO-PHYSIK <\/td>\n<\/tr>\n<tr>\n<td>Tlou\u0161\u0165ka<\/td>\n<td>30 mm<\/td>\n<\/tr>\n<tr>\n<td>Hmotnost<\/td>\n<td>5,63 kg<\/td>\n<\/tr>\n<tr>\n<td>Teplota pou\u017eit\u00ed<\/td>\n<td>1100 \u00b0C<\/td>\n<\/tr>\n<tr>\n<td>P\u0159\u00edm\u00fd kontakt s ohn\u011bm<\/td>\n<td>Ano <\/td>\n<\/tr>\n<tr>\n<td>Pou\u017eit\u00ed v exteri\u00e9ru<\/td>\n<td>Ne <\/td>\n<\/tr>\n<\/table>\n<\/div><\/div>\n<div id=\"PDTable3\" class=\"ProductDetailTableView v3a v3 bs-view dcon dc185 PDTable3\" >\n<table>\n<thead><\/thead>\n<tbody>\n<tr class=\"attribute attr_bsshop_maker\">\n<td class=\"caption\">V\u00fdrobce<\/td>\n<td class=\"value\">THERMAX<\/td>\n<\/tr>\n<\/tbody>\n<\/table>\n<\/div>\n<\/div>\n<div id=\"e7927466\" class=\"tabs\">\n","protected":false},"excerpt":{"rendered":"<p>Desky THERMAX SF jsou k dispozici v opravn\u00e9m setu, kter\u00fd obsahuje v\u017edy dv\u011b desky o rozm\u011bru 500 \u00d7 300 mm s mo\u017enost\u00ed volby tlou\u0161\u0165ky desek 20 \/ 25 \/ 30 mm. Tyto desky jsou zataven\u00e9 v tvrd\u00e9 f\u00f3lii spole\u010dn\u011b s mont\u00e1\u017en\u00edm postupem. Rozm\u011br 500 \u00d7 300 mm (s mo\u017enost\u00ed volby) sta\u010d\u00ed na opravu v\u011bt\u0161iny topeni\u0161\u0165. [&hellip;]<\/p>\n","protected":false},"featured_media":15612,"comment_status":"open","ping_status":"open","template":"","meta":[],"product_brand":[],"product_cat":[60],"product_tag":[],"class_list":{"0":"post-15512","1":"product","2":"type-product","3":"status-publish","4":"has-post-thumbnail","6":"product_cat-krby-a-kamna","8":"first","9":"instock","10":"sale","11":"shipping-taxable","12":"purchasable","13":"product-type-simple"},"yoast_head":"<!-- This site is optimized with the Yoast SEO plugin v26.8 - https:\/\/yoast.com\/product\/yoast-seo-wordpress\/ -->\n<title>HS Flamingo Opravn\u00e1 sada THERMAX SF 2\u00d7 500 x 300 x 30 mm Sleva -<\/title>\n<meta name=\"robots\" content=\"index, follow, max-snippet:-1, max-image-preview:large, max-video-preview:-1\" \/>\n<link rel=\"canonical\" href=\"https:\/\/www.domstavpro.com\/index.php\/produkt\/hs-flamingo-opravna-sada-thermax-sf-2x-500-x-300-x-30-mm-sleva-15512\/\" \/>\n<meta property=\"og:locale\" content=\"cs_CZ\" \/>\n<meta property=\"og:type\" content=\"article\" \/>\n<meta property=\"og:title\" content=\"HS Flamingo Opravn\u00e1 sada THERMAX SF 2\u00d7 500 x 300 x 30 mm Sleva -\" \/>\n<meta property=\"og:description\" content=\"Desky THERMAX SF jsou k dispozici v opravn\u00e9m setu, kter\u00fd obsahuje v\u017edy dv\u011b desky o rozm\u011bru 500 \u00d7 300 mm s mo\u017enost\u00ed volby tlou\u0161\u0165ky desek 20 \/ 25 \/ 30 mm. Tyto desky jsou zataven\u00e9 v tvrd\u00e9 f\u00f3lii spole\u010dn\u011b s mont\u00e1\u017en\u00edm postupem. Rozm\u011br 500 \u00d7 300 mm (s mo\u017enost\u00ed volby) sta\u010d\u00ed na opravu v\u011bt\u0161iny topeni\u0161\u0165. [&hellip;]\" \/>\n<meta property=\"og:url\" content=\"https:\/\/www.domstavpro.com\/index.php\/produkt\/hs-flamingo-opravna-sada-thermax-sf-2x-500-x-300-x-30-mm-sleva-15512\/\" \/>\n<meta property=\"og:image\" content=\"https:\/\/www.domstavpro.com\/wp-content\/uploads\/2026\/SK0026936-CZ20260425-093449-0-1777080896-hs-flamingo-opravna-sada-thermax-sf-2-500-x-300-x-30-mm.jpe.webp\" \/>\n\t<meta property=\"og:image:width\" content=\"1000\" \/>\n\t<meta property=\"og:image:height\" content=\"525\" \/>\n\t<meta property=\"og:image:type\" content=\"image\/webp\" \/>\n<meta name=\"twitter:card\" content=\"summary_large_image\" \/>\n<meta name=\"twitter:label1\" content=\"Odhadovan\u00e1 doba \u010dten\u00ed\" \/>\n\t<meta name=\"twitter:data1\" content=\"2 minuty\" \/>\n<script type=\"application\/ld+json\" class=\"yoast-schema-graph\">{\"@context\":\"https:\/\/schema.org\",\"@graph\":[{\"@type\":\"WebPage\",\"@id\":\"https:\/\/www.domstavpro.com\/index.php\/produkt\/hs-flamingo-opravna-sada-thermax-sf-2x-500-x-300-x-30-mm-sleva-15512\/\",\"url\":\"https:\/\/www.domstavpro.com\/index.php\/produkt\/hs-flamingo-opravna-sada-thermax-sf-2x-500-x-300-x-30-mm-sleva-15512\/\",\"name\":\"HS Flamingo Opravn\u00e1 sada THERMAX SF 2\u00d7 500 x 300 x 30 mm Sleva -\",\"isPartOf\":{\"@id\":\"https:\/\/www.domstavpro.com\/#website\"},\"primaryImageOfPage\":{\"@id\":\"https:\/\/www.domstavpro.com\/index.php\/produkt\/hs-flamingo-opravna-sada-thermax-sf-2x-500-x-300-x-30-mm-sleva-15512\/#primaryimage\"},\"image\":{\"@id\":\"https:\/\/www.domstavpro.com\/index.php\/produkt\/hs-flamingo-opravna-sada-thermax-sf-2x-500-x-300-x-30-mm-sleva-15512\/#primaryimage\"},\"thumbnailUrl\":\"https:\/\/www.domstavpro.com\/wp-content\/uploads\/2026\/SK0026936-CZ20260425-093449-0-1777080896-hs-flamingo-opravna-sada-thermax-sf-2-500-x-300-x-30-mm.jpe.webp\",\"datePublished\":\"2026-04-27T15:08:29+00:00\",\"breadcrumb\":{\"@id\":\"https:\/\/www.domstavpro.com\/index.php\/produkt\/hs-flamingo-opravna-sada-thermax-sf-2x-500-x-300-x-30-mm-sleva-15512\/#breadcrumb\"},\"inLanguage\":\"cs\",\"potentialAction\":[{\"@type\":\"ReadAction\",\"target\":[\"https:\/\/www.domstavpro.com\/index.php\/produkt\/hs-flamingo-opravna-sada-thermax-sf-2x-500-x-300-x-30-mm-sleva-15512\/\"]}]},{\"@type\":\"ImageObject\",\"inLanguage\":\"cs\",\"@id\":\"https:\/\/www.domstavpro.com\/index.php\/produkt\/hs-flamingo-opravna-sada-thermax-sf-2x-500-x-300-x-30-mm-sleva-15512\/#primaryimage\",\"url\":\"https:\/\/www.domstavpro.com\/wp-content\/uploads\/2026\/SK0026936-CZ20260425-093449-0-1777080896-hs-flamingo-opravna-sada-thermax-sf-2-500-x-300-x-30-mm.jpe.webp\",\"contentUrl\":\"https:\/\/www.domstavpro.com\/wp-content\/uploads\/2026\/SK0026936-CZ20260425-093449-0-1777080896-hs-flamingo-opravna-sada-thermax-sf-2-500-x-300-x-30-mm.jpe.webp\",\"width\":1000,\"height\":525},{\"@type\":\"BreadcrumbList\",\"@id\":\"https:\/\/www.domstavpro.com\/index.php\/produkt\/hs-flamingo-opravna-sada-thermax-sf-2x-500-x-300-x-30-mm-sleva-15512\/#breadcrumb\",\"itemListElement\":[{\"@type\":\"ListItem\",\"position\":1,\"name\":\"Home\",\"item\":\"https:\/\/www.domstavpro.com\/\"},{\"@type\":\"ListItem\",\"position\":2,\"name\":\"Products\",\"item\":\"https:\/\/www.domstavpro.com\/index.php\/products\/\"},{\"@type\":\"ListItem\",\"position\":3,\"name\":\"HS Flamingo Opravn\u00e1 sada THERMAX SF 2\u00d7 500 x 300 x 30 mm Sleva\"}]},{\"@type\":\"WebSite\",\"@id\":\"https:\/\/www.domstavpro.com\/#website\",\"url\":\"https:\/\/www.domstavpro.com\/\",\"name\":\"\",\"description\":\"\",\"potentialAction\":[{\"@type\":\"SearchAction\",\"target\":{\"@type\":\"EntryPoint\",\"urlTemplate\":\"https:\/\/www.domstavpro.com\/?s={search_term_string}\"},\"query-input\":{\"@type\":\"PropertyValueSpecification\",\"valueRequired\":true,\"valueName\":\"search_term_string\"}}],\"inLanguage\":\"cs\"}]}<\/script>\n<!-- \/ Yoast SEO plugin. -->","yoast_head_json":{"title":"HS Flamingo Opravn\u00e1 sada THERMAX SF 2\u00d7 500 x 300 x 30 mm Sleva -","robots":{"index":"index","follow":"follow","max-snippet":"max-snippet:-1","max-image-preview":"max-image-preview:large","max-video-preview":"max-video-preview:-1"},"canonical":"https:\/\/www.domstavpro.com\/index.php\/produkt\/hs-flamingo-opravna-sada-thermax-sf-2x-500-x-300-x-30-mm-sleva-15512\/","og_locale":"cs_CZ","og_type":"article","og_title":"HS Flamingo Opravn\u00e1 sada THERMAX SF 2\u00d7 500 x 300 x 30 mm Sleva -","og_description":"Desky THERMAX SF jsou k dispozici v opravn\u00e9m setu, kter\u00fd obsahuje v\u017edy dv\u011b desky o rozm\u011bru 500 \u00d7 300 mm s mo\u017enost\u00ed volby tlou\u0161\u0165ky desek 20 \/ 25 \/ 30 mm. Tyto desky jsou zataven\u00e9 v tvrd\u00e9 f\u00f3lii spole\u010dn\u011b s mont\u00e1\u017en\u00edm postupem. Rozm\u011br 500 \u00d7 300 mm (s mo\u017enost\u00ed volby) sta\u010d\u00ed na opravu v\u011bt\u0161iny topeni\u0161\u0165. [&hellip;]","og_url":"https:\/\/www.domstavpro.com\/index.php\/produkt\/hs-flamingo-opravna-sada-thermax-sf-2x-500-x-300-x-30-mm-sleva-15512\/","og_image":[{"width":1000,"height":525,"url":"https:\/\/www.domstavpro.com\/wp-content\/uploads\/2026\/SK0026936-CZ20260425-093449-0-1777080896-hs-flamingo-opravna-sada-thermax-sf-2-500-x-300-x-30-mm.jpe.webp","type":"image\/webp"}],"twitter_card":"summary_large_image","twitter_misc":{"Odhadovan\u00e1 doba \u010dten\u00ed":"2 minuty"},"schema":{"@context":"https:\/\/schema.org","@graph":[{"@type":"WebPage","@id":"https:\/\/www.domstavpro.com\/index.php\/produkt\/hs-flamingo-opravna-sada-thermax-sf-2x-500-x-300-x-30-mm-sleva-15512\/","url":"https:\/\/www.domstavpro.com\/index.php\/produkt\/hs-flamingo-opravna-sada-thermax-sf-2x-500-x-300-x-30-mm-sleva-15512\/","name":"HS Flamingo Opravn\u00e1 sada THERMAX SF 2\u00d7 500 x 300 x 30 mm Sleva -","isPartOf":{"@id":"https:\/\/www.domstavpro.com\/#website"},"primaryImageOfPage":{"@id":"https:\/\/www.domstavpro.com\/index.php\/produkt\/hs-flamingo-opravna-sada-thermax-sf-2x-500-x-300-x-30-mm-sleva-15512\/#primaryimage"},"image":{"@id":"https:\/\/www.domstavpro.com\/index.php\/produkt\/hs-flamingo-opravna-sada-thermax-sf-2x-500-x-300-x-30-mm-sleva-15512\/#primaryimage"},"thumbnailUrl":"https:\/\/www.domstavpro.com\/wp-content\/uploads\/2026\/SK0026936-CZ20260425-093449-0-1777080896-hs-flamingo-opravna-sada-thermax-sf-2-500-x-300-x-30-mm.jpe.webp","datePublished":"2026-04-27T15:08:29+00:00","breadcrumb":{"@id":"https:\/\/www.domstavpro.com\/index.php\/produkt\/hs-flamingo-opravna-sada-thermax-sf-2x-500-x-300-x-30-mm-sleva-15512\/#breadcrumb"},"inLanguage":"cs","potentialAction":[{"@type":"ReadAction","target":["https:\/\/www.domstavpro.com\/index.php\/produkt\/hs-flamingo-opravna-sada-thermax-sf-2x-500-x-300-x-30-mm-sleva-15512\/"]}]},{"@type":"ImageObject","inLanguage":"cs","@id":"https:\/\/www.domstavpro.com\/index.php\/produkt\/hs-flamingo-opravna-sada-thermax-sf-2x-500-x-300-x-30-mm-sleva-15512\/#primaryimage","url":"https:\/\/www.domstavpro.com\/wp-content\/uploads\/2026\/SK0026936-CZ20260425-093449-0-1777080896-hs-flamingo-opravna-sada-thermax-sf-2-500-x-300-x-30-mm.jpe.webp","contentUrl":"https:\/\/www.domstavpro.com\/wp-content\/uploads\/2026\/SK0026936-CZ20260425-093449-0-1777080896-hs-flamingo-opravna-sada-thermax-sf-2-500-x-300-x-30-mm.jpe.webp","width":1000,"height":525},{"@type":"BreadcrumbList","@id":"https:\/\/www.domstavpro.com\/index.php\/produkt\/hs-flamingo-opravna-sada-thermax-sf-2x-500-x-300-x-30-mm-sleva-15512\/#breadcrumb","itemListElement":[{"@type":"ListItem","position":1,"name":"Home","item":"https:\/\/www.domstavpro.com\/"},{"@type":"ListItem","position":2,"name":"Products","item":"https:\/\/www.domstavpro.com\/index.php\/products\/"},{"@type":"ListItem","position":3,"name":"HS Flamingo Opravn\u00e1 sada THERMAX SF 2\u00d7 500 x 300 x 30 mm Sleva"}]},{"@type":"WebSite","@id":"https:\/\/www.domstavpro.com\/#website","url":"https:\/\/www.domstavpro.com\/","name":"","description":"","potentialAction":[{"@type":"SearchAction","target":{"@type":"EntryPoint","urlTemplate":"https:\/\/www.domstavpro.com\/?s={search_term_string}"},"query-input":{"@type":"PropertyValueSpecification","valueRequired":true,"valueName":"search_term_string"}}],"inLanguage":"cs"}]}},"_links":{"self":[{"href":"https:\/\/www.domstavpro.com\/index.php\/wp-json\/wp\/v2\/product\/15512","targetHints":{"allow":["GET"]}}],"collection":[{"href":"https:\/\/www.domstavpro.com\/index.php\/wp-json\/wp\/v2\/product"}],"about":[{"href":"https:\/\/www.domstavpro.com\/index.php\/wp-json\/wp\/v2\/types\/product"}],"replies":[{"embeddable":true,"href":"https:\/\/www.domstavpro.com\/index.php\/wp-json\/wp\/v2\/comments?post=15512"}],"wp:featuredmedia":[{"embeddable":true,"href":"https:\/\/www.domstavpro.com\/index.php\/wp-json\/wp\/v2\/media\/15612"}],"wp:attachment":[{"href":"https:\/\/www.domstavpro.com\/index.php\/wp-json\/wp\/v2\/media?parent=15512"}],"wp:term":[{"taxonomy":"product_brand","embeddable":true,"href":"https:\/\/www.domstavpro.com\/index.php\/wp-json\/wp\/v2\/product_brand?post=15512"},{"taxonomy":"product_cat","embeddable":true,"href":"https:\/\/www.domstavpro.com\/index.php\/wp-json\/wp\/v2\/product_cat?post=15512"},{"taxonomy":"product_tag","embeddable":true,"href":"https:\/\/www.domstavpro.com\/index.php\/wp-json\/wp\/v2\/product_tag?post=15512"}],"curies":[{"name":"wp","href":"https:\/\/api.w.org\/{rel}","templated":true}]}}