{"id":15496,"date":"2026-04-27T15:08:29","date_gmt":"2026-04-27T15:08:29","guid":{"rendered":""},"modified":"2026-04-27T15:08:29","modified_gmt":"2026-04-27T15:08:29","slug":"reginox-amsterdam-860-1-caffe-metalic-silvery-tovarni-cena-15496","status":"publish","type":"product","link":"https:\/\/www.domstavpro.com\/index.php\/produkt\/reginox-amsterdam-860-1-caffe-metalic-silvery-tovarni-cena-15496\/","title":{"rendered":"Reginox Amsterdam 860.1 Caffe metalic (silvery) Tov\u00e1rn\u00ed Cena"},"content":{"rendered":"<div id=\"e7916535\" class=\"pages\">\n<div>\n<div id=\"PDDescription\" class=\"UserContentView userContent v1a v1 bs-view dcon dc164 PDDescription\" ><dc-con><dc-con><bs-empty><\/bs-empty><\/dc-con><dc-con>        <\/p>\n<div class=\"customDescription\">                    <\/div>\n<p><\/dc-con><dc-con><\/p>\n<div class=\"rowNewText\">\n<p>Granitov\u00fd dvoj-d\u0159ez zna\u010dky&nbsp;<b>Reginox Amsterdam 860.1<\/b>&nbsp;disponuje dv\u011bma vani\u010dkami r\u016fzn\u00fdch rozm\u011br\u016f. Kter\u00e9 zaru\u010d\u00ed maxim\u00e1ln\u00ed komfort p\u0159i myt\u00ed a oplachov\u00e1n\u00ed d\u00edky optim\u00e1ln\u00edmu vyu\u017eit\u00ed dostupn\u00e9ho prostoru. D\u00edky uspo\u0159\u00e1dan\u00ed z\u00edsk\u00e1te v\u011bt\u0161\u00ed vani\u010dku pro um\u00fdv\u00e1n\u00ed objemn\u011bj\u0161\u00edch n\u00e1dob, v men\u0161\u00ed m\u016f\u017eete p\u0159\u00edpadn\u011b odkl\u00e1dat umyt\u00e9 n\u00e1dob\u00ed, cedit brambory, t\u011bstoviny, oplachovat zeleninu. Z praktick\u00e9ho hlediska jsou dv\u011b vani\u010dky velmi u\u017eite\u010dn\u00e9.<\/p>\n<\/div>\n<div class=\"rowNewText\">\n<p>Zadn\u00ed plocha v men\u0161\u00ed vani\u010dce poskytuje dostatek prostoru na instalaci ostatn\u00edch komponent\u016f, jak\u00fdmi jsou nap\u0159\u00edklad d\u00e1vkova\u010d sapon\u00e1tu, pneutla\u010d\u00edtko pro ovl\u00e1dan\u00ed drti\u010de kuchy\u0148sk\u00e9ho odpadu. Pro tyto \u00fa\u010dely jsou vyvrt\u00e1ny dva otvory.<\/p>\n<\/div>\n<div class=\"rowNewText\">\n<p>D\u0159ez&nbsp;<b>Amsterdam 860.1<\/b>&nbsp;m\u00e1 jednoduch\u00fd design, bude skv\u011bl\u00fdm dopl\u0148kem v&nbsp;industri\u00e1ln\u00edch, modern\u00edch i minimalistick\u00fdch kuchyn\u00edch.<\/p>\n<\/div>\n<div class=\"rowNewText\">\n<p>V\u00fdhodou a p\u0159ednost\u00ed produkt\u016f zna\u010dky <b>Reginox<\/b> nen\u00ed jen jejich kvalitn\u00ed materi\u00e1lov\u00e9 a designov\u00e9 proveden\u00ed, ale i hladk\u00fd povrch d\u0159ez\u016f, a tedy&nbsp;i jejich n\u00e1sledn\u00e1 jednodu\u0161\u0161\u00ed \u00fadr\u017eba. <\/p>\n<\/div>\n<div class=\"rowNewText\">\n<p>Na hladk\u00e9m povrchu se usazuje m\u00e9n\u011b ne\u010distot. D\u0159ezy <b>Reginox<\/b> jsou odoln\u00e9 v\u016f\u010di n\u00e1raz\u016fm, vryp\u016fm a jin\u00e9mu mechanick\u00e9mu po\u0161kozen\u00ed.&nbsp;<\/p>\n<\/div>\n<div class=\"rowNewText\">\n<p><i>Excentr nen\u00ed sou\u010d\u00e1st\u00ed d\u0159ezu. Foto pouze ilustra\u010dn\u00ed.&nbsp;<\/i><\/p>\n<\/div>\n<p><\/dc-con><\/dc-con><\/div>\n<div id=\"PDDescription2\" class=\"UserContentView userContent v1a v1 bs-view dcon dc165 PDDescription2\" >\n<table class='techparam_table'>\n<tr>\n<td>Mo\u017enost odvrtat dal\u0161\u00ed otvor<\/td>\n<td>Ne<\/td>\n<\/tr>\n<tr>\n<td>Materi\u00e1l d\u0159ezu<\/td>\n<td>Granit<\/td>\n<\/tr>\n<tr>\n<td>Typ d\u0159ezu<\/td>\n<td>Dvojd\u0159ez<\/td>\n<\/tr>\n<tr>\n<td>\u0160\u00ed\u0159ka obalu<\/td>\n<td>51,5<\/td>\n<\/tr>\n<tr>\n<td>V\u00fd\u0161ka obalu<\/td>\n<td>23,8<\/td>\n<\/tr>\n<tr>\n<td>Hloubka obalu<\/td>\n<td>87,5<\/td>\n<\/tr>\n<tr>\n<td>V\u00e1ha v\u010d. obalu (kg)<\/td>\n<td>16<\/td>\n<\/tr>\n<tr>\n<td>\u0160\u00ed\u0159ka d\u0159ezu<\/td>\n<td>50<\/td>\n<\/tr>\n<tr>\n<td>D\u00e9lka d\u0159ezu<\/td>\n<td>86<\/td>\n<\/tr>\n<tr>\n<td>Hloubka d\u0159ezu<\/td>\n<td>23<\/td>\n<\/tr>\n<tr>\n<td>Hmotnost d\u0159ezu (kg)<\/td>\n<td>15<\/td>\n<\/tr>\n<tr>\n<td>D\u00e9lka vani\u010dky<\/td>\n<td>47<\/td>\n<\/tr>\n<tr>\n<td>\u0160\u00ed\u0159ka vani\u010dky<\/td>\n<td>41<\/td>\n<\/tr>\n<tr>\n<td>Hloubka vani\u010dky<\/td>\n<td>22<\/td>\n<\/tr>\n<tr>\n<td>Minim\u00e1ln\u00ed \u0161\u00ed\u0159ka sk\u0159\u00ednky<\/td>\n<td>90<\/td>\n<\/tr>\n<tr>\n<td>P\u0159edvrtan\u00fd otvor <\/td>\n<td>Baterie + dal\u0161\u00ed otvor<\/td>\n<\/tr>\n<tr>\n<td>Barva<\/td>\n<td>Caffe<\/td>\n<\/tr>\n<tr>\n<td>Barva<\/td>\n<td>Caffe<\/td>\n<\/tr>\n<tr>\n<td>Barva<\/td>\n<td>Caffe<\/td>\n<\/tr>\n<tr>\n<td>\u0160\u00ed\u0159ka kuchy\u0148sk\u00e9 sk\u0159\u00ed\u0148ky<\/td>\n<td>90 cm<\/td>\n<\/tr>\n<tr>\n<td>Typ mont\u00e1\u017ee d\u0159ezu<\/td>\n<td>Horn\u00ed<\/td>\n<\/tr>\n<tr>\n<td>Orientace<\/td>\n<td>Bez orientace<\/td>\n<\/tr>\n<tr>\n<td>Barva<\/td>\n<td>Caffe<\/td>\n<\/tr>\n<tr>\n<td>Styl d\u0159ezu<\/td>\n<td>Klasick\u00e9 d\u0159ezy<\/td>\n<\/tr>\n<tr>\n<td>V\u00fdpus\u0165 d\u0159ezu<\/td>\n<td>9 cm<\/td>\n<\/tr>\n<tr>\n<td>Excentrick\u00e9 ovl\u00e1d\u00e1n\u00ed v\u00fdpust\u011b<\/td>\n<td>Ne<\/td>\n<\/tr>\n<tr>\n<td>Z\u00e1ruka<\/td>\n<td>10 let<\/td>\n<\/tr>\n<tr>\n<td>Pr\u016fm\u011br vani\u010dky<\/td>\n<td>ne<\/td>\n<\/tr>\n<tr>\n<td>K\u00f3d zbo\u017e\u00ed TARIC<\/td>\n<td>68029390<\/td>\n<\/tr>\n<tr>\n<td>Tvar d\u0159ezu<\/td>\n<td>Obd\u00e9ln\u00edkov\u00fd <\/td>\n<\/tr>\n<\/table>\n<\/div><\/div>\n<div id=\"PDTable3\" class=\"ProductDetailTableView v3a v3 bs-view dcon dc185 PDTable3\" >\n<table>\n<thead><\/thead>\n<tbody>\n<tr class=\"attribute attr_material\">\n<td class=\"caption\">Materi\u00e1l<\/td>\n<td class=\"value\">Granit<\/td>\n<\/tr>\n<tr class=\"attribute attr_typ\">\n<td class=\"caption\">Typ<\/td>\n<td class=\"value\">Bez odkap\u00e1vac\u00ed plochy<\/td>\n<\/tr>\n<tr class=\"attribute attr_bsshop_maker\">\n<td class=\"caption\">V\u00fdrobce<\/td>\n<td class=\"value\">Reginox<\/td>\n<\/tr>\n<\/tbody>\n<\/table>\n<\/div>\n<div id=\"ProductMedia\" class=\"ProductMediaView MediaViewBase v1a v1 bs-view dcon dc409 ProductMedia\" ><bs-empty><\/bs-empty><\/p>\n<div class=\"files\">\n<div class=\"title sub\">Soubory<\/div>\n<p><a href=\"\/media\/10210\/navod-na-instalaci-drezu-reginox-3.pdf?&amp;key=ZGpmIyQwNUZfMTAyMTA=\" class=\"pdf\">Navod-na-instalaci-drezu-Reginox(3).pdf<\/a><a href=\"\/media\/11323\/amsterdam-25-produktovy-list-ke-stazeni.pdf?&amp;key=ZGpmIyQwNUZfMTEzMjM=\" class=\"pdf\">Amsterdam_25_produktovy_list_ke_stazeni.pdf<\/a><\/div>\n<p><bs-empty><\/bs-empty><\/div>\n<\/div>\n<div id=\"e7916536\" class=\"tabs\">\n","protected":false},"excerpt":{"rendered":"<p>Granitov\u00fd dvoj-d\u0159ez zna\u010dky&nbsp;Reginox Amsterdam 860.1&nbsp;disponuje dv\u011bma vani\u010dkami r\u016fzn\u00fdch rozm\u011br\u016f. Kter\u00e9 zaru\u010d\u00ed maxim\u00e1ln\u00ed komfort p\u0159i myt\u00ed a oplachov\u00e1n\u00ed d\u00edky optim\u00e1ln\u00edmu vyu\u017eit\u00ed dostupn\u00e9ho prostoru. D\u00edky uspo\u0159\u00e1dan\u00ed z\u00edsk\u00e1te v\u011bt\u0161\u00ed vani\u010dku pro um\u00fdv\u00e1n\u00ed objemn\u011bj\u0161\u00edch n\u00e1dob, v men\u0161\u00ed m\u016f\u017eete p\u0159\u00edpadn\u011b odkl\u00e1dat umyt\u00e9 n\u00e1dob\u00ed, cedit brambory, t\u011bstoviny, oplachovat zeleninu. Z praktick\u00e9ho hlediska jsou dv\u011b vani\u010dky velmi u\u017eite\u010dn\u00e9. Zadn\u00ed plocha v men\u0161\u00ed [&hellip;]<\/p>\n","protected":false},"featured_media":15596,"comment_status":"open","ping_status":"open","template":"","meta":[],"product_brand":[],"product_cat":[66],"product_tag":[],"class_list":{"0":"post-15496","1":"product","2":"type-product","3":"status-publish","4":"has-post-thumbnail","6":"product_cat-pochutiny-dum-a-zahrada","8":"first","9":"instock","10":"sale","11":"shipping-taxable","12":"purchasable","13":"product-type-simple"},"yoast_head":"<!-- This site is optimized with the Yoast SEO plugin v26.8 - https:\/\/yoast.com\/product\/yoast-seo-wordpress\/ -->\n<title>Reginox Amsterdam 860.1 Caffe metalic (silvery) Tov\u00e1rn\u00ed Cena -<\/title>\n<meta name=\"robots\" content=\"index, follow, max-snippet:-1, max-image-preview:large, max-video-preview:-1\" \/>\n<link rel=\"canonical\" href=\"https:\/\/www.domstavpro.com\/index.php\/produkt\/reginox-amsterdam-860-1-caffe-metalic-silvery-tovarni-cena-15496\/\" \/>\n<meta property=\"og:locale\" content=\"cs_CZ\" \/>\n<meta property=\"og:type\" content=\"article\" \/>\n<meta property=\"og:title\" content=\"Reginox Amsterdam 860.1 Caffe metalic (silvery) Tov\u00e1rn\u00ed Cena -\" \/>\n<meta property=\"og:description\" content=\"Granitov\u00fd dvoj-d\u0159ez zna\u010dky&nbsp;Reginox Amsterdam 860.1&nbsp;disponuje dv\u011bma vani\u010dkami r\u016fzn\u00fdch rozm\u011br\u016f. Kter\u00e9 zaru\u010d\u00ed maxim\u00e1ln\u00ed komfort p\u0159i myt\u00ed a oplachov\u00e1n\u00ed d\u00edky optim\u00e1ln\u00edmu vyu\u017eit\u00ed dostupn\u00e9ho prostoru. D\u00edky uspo\u0159\u00e1dan\u00ed z\u00edsk\u00e1te v\u011bt\u0161\u00ed vani\u010dku pro um\u00fdv\u00e1n\u00ed objemn\u011bj\u0161\u00edch n\u00e1dob, v men\u0161\u00ed m\u016f\u017eete p\u0159\u00edpadn\u011b odkl\u00e1dat umyt\u00e9 n\u00e1dob\u00ed, cedit brambory, t\u011bstoviny, oplachovat zeleninu. Z praktick\u00e9ho hlediska jsou dv\u011b vani\u010dky velmi u\u017eite\u010dn\u00e9. Zadn\u00ed plocha v men\u0161\u00ed [&hellip;]\" \/>\n<meta property=\"og:url\" content=\"https:\/\/www.domstavpro.com\/index.php\/produkt\/reginox-amsterdam-860-1-caffe-metalic-silvery-tovarni-cena-15496\/\" \/>\n<meta property=\"og:image\" content=\"https:\/\/www.domstavpro.com\/wp-content\/uploads\/2026\/SK0026920-CZ20260425-093449-0-1777080896-reginox-amsterdam-860-1-caffe-metalic-silvery.webp\" \/>\n\t<meta property=\"og:image:width\" content=\"1000\" \/>\n\t<meta property=\"og:image:height\" content=\"525\" \/>\n\t<meta property=\"og:image:type\" content=\"image\/webp\" \/>\n<meta name=\"twitter:card\" content=\"summary_large_image\" \/>\n<meta name=\"twitter:label1\" content=\"Odhadovan\u00e1 doba \u010dten\u00ed\" \/>\n\t<meta name=\"twitter:data1\" content=\"2 minuty\" \/>\n<script type=\"application\/ld+json\" class=\"yoast-schema-graph\">{\"@context\":\"https:\/\/schema.org\",\"@graph\":[{\"@type\":\"WebPage\",\"@id\":\"https:\/\/www.domstavpro.com\/index.php\/produkt\/reginox-amsterdam-860-1-caffe-metalic-silvery-tovarni-cena-15496\/\",\"url\":\"https:\/\/www.domstavpro.com\/index.php\/produkt\/reginox-amsterdam-860-1-caffe-metalic-silvery-tovarni-cena-15496\/\",\"name\":\"Reginox Amsterdam 860.1 Caffe metalic (silvery) Tov\u00e1rn\u00ed Cena -\",\"isPartOf\":{\"@id\":\"https:\/\/www.domstavpro.com\/#website\"},\"primaryImageOfPage\":{\"@id\":\"https:\/\/www.domstavpro.com\/index.php\/produkt\/reginox-amsterdam-860-1-caffe-metalic-silvery-tovarni-cena-15496\/#primaryimage\"},\"image\":{\"@id\":\"https:\/\/www.domstavpro.com\/index.php\/produkt\/reginox-amsterdam-860-1-caffe-metalic-silvery-tovarni-cena-15496\/#primaryimage\"},\"thumbnailUrl\":\"https:\/\/www.domstavpro.com\/wp-content\/uploads\/2026\/SK0026920-CZ20260425-093449-0-1777080896-reginox-amsterdam-860-1-caffe-metalic-silvery.webp\",\"datePublished\":\"2026-04-27T15:08:29+00:00\",\"breadcrumb\":{\"@id\":\"https:\/\/www.domstavpro.com\/index.php\/produkt\/reginox-amsterdam-860-1-caffe-metalic-silvery-tovarni-cena-15496\/#breadcrumb\"},\"inLanguage\":\"cs\",\"potentialAction\":[{\"@type\":\"ReadAction\",\"target\":[\"https:\/\/www.domstavpro.com\/index.php\/produkt\/reginox-amsterdam-860-1-caffe-metalic-silvery-tovarni-cena-15496\/\"]}]},{\"@type\":\"ImageObject\",\"inLanguage\":\"cs\",\"@id\":\"https:\/\/www.domstavpro.com\/index.php\/produkt\/reginox-amsterdam-860-1-caffe-metalic-silvery-tovarni-cena-15496\/#primaryimage\",\"url\":\"https:\/\/www.domstavpro.com\/wp-content\/uploads\/2026\/SK0026920-CZ20260425-093449-0-1777080896-reginox-amsterdam-860-1-caffe-metalic-silvery.webp\",\"contentUrl\":\"https:\/\/www.domstavpro.com\/wp-content\/uploads\/2026\/SK0026920-CZ20260425-093449-0-1777080896-reginox-amsterdam-860-1-caffe-metalic-silvery.webp\",\"width\":1000,\"height\":525},{\"@type\":\"BreadcrumbList\",\"@id\":\"https:\/\/www.domstavpro.com\/index.php\/produkt\/reginox-amsterdam-860-1-caffe-metalic-silvery-tovarni-cena-15496\/#breadcrumb\",\"itemListElement\":[{\"@type\":\"ListItem\",\"position\":1,\"name\":\"Home\",\"item\":\"https:\/\/www.domstavpro.com\/\"},{\"@type\":\"ListItem\",\"position\":2,\"name\":\"Products\",\"item\":\"https:\/\/www.domstavpro.com\/index.php\/products\/\"},{\"@type\":\"ListItem\",\"position\":3,\"name\":\"Reginox Amsterdam 860.1 Caffe metalic (silvery) Tov\u00e1rn\u00ed Cena\"}]},{\"@type\":\"WebSite\",\"@id\":\"https:\/\/www.domstavpro.com\/#website\",\"url\":\"https:\/\/www.domstavpro.com\/\",\"name\":\"\",\"description\":\"\",\"potentialAction\":[{\"@type\":\"SearchAction\",\"target\":{\"@type\":\"EntryPoint\",\"urlTemplate\":\"https:\/\/www.domstavpro.com\/?s={search_term_string}\"},\"query-input\":{\"@type\":\"PropertyValueSpecification\",\"valueRequired\":true,\"valueName\":\"search_term_string\"}}],\"inLanguage\":\"cs\"}]}<\/script>\n<!-- \/ Yoast SEO plugin. -->","yoast_head_json":{"title":"Reginox Amsterdam 860.1 Caffe metalic (silvery) Tov\u00e1rn\u00ed Cena -","robots":{"index":"index","follow":"follow","max-snippet":"max-snippet:-1","max-image-preview":"max-image-preview:large","max-video-preview":"max-video-preview:-1"},"canonical":"https:\/\/www.domstavpro.com\/index.php\/produkt\/reginox-amsterdam-860-1-caffe-metalic-silvery-tovarni-cena-15496\/","og_locale":"cs_CZ","og_type":"article","og_title":"Reginox Amsterdam 860.1 Caffe metalic (silvery) Tov\u00e1rn\u00ed Cena -","og_description":"Granitov\u00fd dvoj-d\u0159ez zna\u010dky&nbsp;Reginox Amsterdam 860.1&nbsp;disponuje dv\u011bma vani\u010dkami r\u016fzn\u00fdch rozm\u011br\u016f. Kter\u00e9 zaru\u010d\u00ed maxim\u00e1ln\u00ed komfort p\u0159i myt\u00ed a oplachov\u00e1n\u00ed d\u00edky optim\u00e1ln\u00edmu vyu\u017eit\u00ed dostupn\u00e9ho prostoru. D\u00edky uspo\u0159\u00e1dan\u00ed z\u00edsk\u00e1te v\u011bt\u0161\u00ed vani\u010dku pro um\u00fdv\u00e1n\u00ed objemn\u011bj\u0161\u00edch n\u00e1dob, v men\u0161\u00ed m\u016f\u017eete p\u0159\u00edpadn\u011b odkl\u00e1dat umyt\u00e9 n\u00e1dob\u00ed, cedit brambory, t\u011bstoviny, oplachovat zeleninu. Z praktick\u00e9ho hlediska jsou dv\u011b vani\u010dky velmi u\u017eite\u010dn\u00e9. Zadn\u00ed plocha v men\u0161\u00ed [&hellip;]","og_url":"https:\/\/www.domstavpro.com\/index.php\/produkt\/reginox-amsterdam-860-1-caffe-metalic-silvery-tovarni-cena-15496\/","og_image":[{"width":1000,"height":525,"url":"https:\/\/www.domstavpro.com\/wp-content\/uploads\/2026\/SK0026920-CZ20260425-093449-0-1777080896-reginox-amsterdam-860-1-caffe-metalic-silvery.webp","type":"image\/webp"}],"twitter_card":"summary_large_image","twitter_misc":{"Odhadovan\u00e1 doba \u010dten\u00ed":"2 minuty"},"schema":{"@context":"https:\/\/schema.org","@graph":[{"@type":"WebPage","@id":"https:\/\/www.domstavpro.com\/index.php\/produkt\/reginox-amsterdam-860-1-caffe-metalic-silvery-tovarni-cena-15496\/","url":"https:\/\/www.domstavpro.com\/index.php\/produkt\/reginox-amsterdam-860-1-caffe-metalic-silvery-tovarni-cena-15496\/","name":"Reginox Amsterdam 860.1 Caffe metalic (silvery) Tov\u00e1rn\u00ed Cena -","isPartOf":{"@id":"https:\/\/www.domstavpro.com\/#website"},"primaryImageOfPage":{"@id":"https:\/\/www.domstavpro.com\/index.php\/produkt\/reginox-amsterdam-860-1-caffe-metalic-silvery-tovarni-cena-15496\/#primaryimage"},"image":{"@id":"https:\/\/www.domstavpro.com\/index.php\/produkt\/reginox-amsterdam-860-1-caffe-metalic-silvery-tovarni-cena-15496\/#primaryimage"},"thumbnailUrl":"https:\/\/www.domstavpro.com\/wp-content\/uploads\/2026\/SK0026920-CZ20260425-093449-0-1777080896-reginox-amsterdam-860-1-caffe-metalic-silvery.webp","datePublished":"2026-04-27T15:08:29+00:00","breadcrumb":{"@id":"https:\/\/www.domstavpro.com\/index.php\/produkt\/reginox-amsterdam-860-1-caffe-metalic-silvery-tovarni-cena-15496\/#breadcrumb"},"inLanguage":"cs","potentialAction":[{"@type":"ReadAction","target":["https:\/\/www.domstavpro.com\/index.php\/produkt\/reginox-amsterdam-860-1-caffe-metalic-silvery-tovarni-cena-15496\/"]}]},{"@type":"ImageObject","inLanguage":"cs","@id":"https:\/\/www.domstavpro.com\/index.php\/produkt\/reginox-amsterdam-860-1-caffe-metalic-silvery-tovarni-cena-15496\/#primaryimage","url":"https:\/\/www.domstavpro.com\/wp-content\/uploads\/2026\/SK0026920-CZ20260425-093449-0-1777080896-reginox-amsterdam-860-1-caffe-metalic-silvery.webp","contentUrl":"https:\/\/www.domstavpro.com\/wp-content\/uploads\/2026\/SK0026920-CZ20260425-093449-0-1777080896-reginox-amsterdam-860-1-caffe-metalic-silvery.webp","width":1000,"height":525},{"@type":"BreadcrumbList","@id":"https:\/\/www.domstavpro.com\/index.php\/produkt\/reginox-amsterdam-860-1-caffe-metalic-silvery-tovarni-cena-15496\/#breadcrumb","itemListElement":[{"@type":"ListItem","position":1,"name":"Home","item":"https:\/\/www.domstavpro.com\/"},{"@type":"ListItem","position":2,"name":"Products","item":"https:\/\/www.domstavpro.com\/index.php\/products\/"},{"@type":"ListItem","position":3,"name":"Reginox Amsterdam 860.1 Caffe metalic (silvery) Tov\u00e1rn\u00ed Cena"}]},{"@type":"WebSite","@id":"https:\/\/www.domstavpro.com\/#website","url":"https:\/\/www.domstavpro.com\/","name":"","description":"","potentialAction":[{"@type":"SearchAction","target":{"@type":"EntryPoint","urlTemplate":"https:\/\/www.domstavpro.com\/?s={search_term_string}"},"query-input":{"@type":"PropertyValueSpecification","valueRequired":true,"valueName":"search_term_string"}}],"inLanguage":"cs"}]}},"_links":{"self":[{"href":"https:\/\/www.domstavpro.com\/index.php\/wp-json\/wp\/v2\/product\/15496","targetHints":{"allow":["GET"]}}],"collection":[{"href":"https:\/\/www.domstavpro.com\/index.php\/wp-json\/wp\/v2\/product"}],"about":[{"href":"https:\/\/www.domstavpro.com\/index.php\/wp-json\/wp\/v2\/types\/product"}],"replies":[{"embeddable":true,"href":"https:\/\/www.domstavpro.com\/index.php\/wp-json\/wp\/v2\/comments?post=15496"}],"wp:featuredmedia":[{"embeddable":true,"href":"https:\/\/www.domstavpro.com\/index.php\/wp-json\/wp\/v2\/media\/15596"}],"wp:attachment":[{"href":"https:\/\/www.domstavpro.com\/index.php\/wp-json\/wp\/v2\/media?parent=15496"}],"wp:term":[{"taxonomy":"product_brand","embeddable":true,"href":"https:\/\/www.domstavpro.com\/index.php\/wp-json\/wp\/v2\/product_brand?post=15496"},{"taxonomy":"product_cat","embeddable":true,"href":"https:\/\/www.domstavpro.com\/index.php\/wp-json\/wp\/v2\/product_cat?post=15496"},{"taxonomy":"product_tag","embeddable":true,"href":"https:\/\/www.domstavpro.com\/index.php\/wp-json\/wp\/v2\/product_tag?post=15496"}],"curies":[{"name":"wp","href":"https:\/\/api.w.org\/{rel}","templated":true}]}}