{"id":15335,"date":"2026-04-27T15:08:29","date_gmt":"2026-04-27T15:08:29","guid":{"rendered":""},"modified":"2026-04-27T15:08:29","modified_gmt":"2026-04-27T15:08:29","slug":"horka-nabidka-bgs-pneumaticka-piskovaci-pistole-vc-prislusenstvi-3dilna-15335","status":"publish","type":"product","link":"https:\/\/www.domstavpro.com\/index.php\/produkt\/horka-nabidka-bgs-pneumaticka-piskovaci-pistole-vc-prislusenstvi-3dilna-15335\/","title":{"rendered":"Hork\u00e1 Nab\u00eddka BGS Pneumatick\u00e1 p\u00edskovac\u00ed pistole v\u010d. p\u0159\u00edslu\u0161enstv\u00ed, 3d\u00edln\u00e1"},"content":{"rendered":"<div id=\"e7275299\" class=\"pages\">\n<div>\n<div id=\"PDDescription\" class=\"UserContentView userContent v1a v1 bs-view dcon dc164 PDDescription\" ><dc-con><dc-con><bs-empty><\/bs-empty><\/dc-con><dc-con>        <\/p>\n<div class=\"customDescription\">                    <\/div>\n<p><\/dc-con><dc-con><\/p>\n<ul>\n<li>ide\u00e1ln\u00ed pro v\u0161echny aplikace kolem karoserie a v\u0161ech ostatn\u00edch kovov\u00fdch povrch\u016f<\/li>\n<li>rozsah pou\u017eit\u00ed: odstra\u0148ov\u00e1n\u00ed laku, odstra\u0148ov\u00e1n\u00ed laku, odstra\u0148ov\u00e1n\u00ed rzi, \u010di\u0161t\u011bn\u00ed, \u010di\u0161t\u011bn\u00ed povrch\u016f<\/li>\n<li>a velk\u00e1 \u010d\u00e1st abraziva je zachycena tryskov\u00fdmi n\u00e1stavci a sb\u011brn\u00fdm s\u00e1\u010dkem a m\u016f\u017ee b\u00fdt znovu pou\u017eita<\/li>\n<li>s horn\u00edm z\u00e1sobn\u00edkem p\u00edsku z ABS plastu, objem a\u017e 900 ml<\/li>\n<li>flexibiln\u00ed pou\u017eit\u00ed pro \u010detn\u00e9 aplikace d\u00edky 4 n\u00e1stavc\u016fm trysek<\/li>\n<li>lze pou\u017e\u00edt s p\u00edskovac\u00edm p\u00edskem a zrnitost\u00ed od 40# &#8211; 60#<\/li>\n<li>2 l\u00e1hve s 1 kg p\u00edskov\u00e9ho p\u00edsku hn\u011bd\u00fd korund (oxid hlinit\u00fd) <\/li>\n<\/ul>\n<p><strong>rozsah dod\u00e1vky:<\/strong><\/p>\n<ul>\n<li>1 x pneumatick\u00e1 p\u00edskova\u010dka v\u010d. n\u00e1doba na p\u00edsek o objemu 900 ml<\/li>\n<li>1 x sb\u011brn\u00fd pytel<\/li>\n<li>2 l\u00e1hve (po 1 kg) p\u00edskovac\u00ed p\u00edsek o zrnitosti 0,21 &#8211; 0,35 mm (zrnitost 40# &#8211; 60#) <\/li>\n<li>4 n\u00e1stavce trysek (\u0161iroko\u00fahl\u00fd n\u00e1stavec, bodov\u00fd n\u00e1stavec, n\u00e1stavec na vn\u011bj\u0161\u00ed okraj, n\u00e1stavec na vnit\u0159n\u00ed okraj)<\/li>\n<\/ul>\n<p><\/dc-con><\/dc-con><\/div>\n<div id=\"PDDescription2\" class=\"UserContentView userContent v1a v1 bs-view dcon dc165 PDDescription2\" >V\u00dd\u0160KA BALEN\u00cd<\/div>\n<\/p><\/div>\n<div id=\"PDTable3\" class=\"ProductDetailTableView v3a v3 bs-view dcon dc185 PDTable3\" >\n<table>\n<thead><\/thead>\n<tbody>\n<tr class=\"attribute attr_bsshop_maker\">\n<td class=\"caption\">V\u00fdrobce<\/td>\n<td class=\"value\">BGS Technic<\/td>\n<\/tr>\n<\/tbody>\n<\/table>\n<\/div>\n<div id=\"PdProductGpsr\" class=\"ProductGpsrView v1a v1 bs-view dcon dc217 PdProductGpsr\" >\n<div class=\"subject\"><dc-root class=\"dcon dc219\"><span class=\"title\">Zodpov\u011bdn&#253; subjekt:<\/span><dc-con><dc-con><span class=\"company\">BGS technik KG<\/span><span class=\"name\">BGS Technic<\/span><\/dc-con><dc-con><span class=\"street\">Bandwirkerstr. 3<\/span><span class=\"city\">Wermelskirchen<\/span><span class=\"zip\">429 29<\/span><span class=\"country\">N\u011bmecko<\/span><\/dc-con><span class=\"email\">mail@bgs-technic.de<\/span><span class=\"phone\">+49 2196-720480<\/span><bs-empty><\/bs-empty><a href=\"https:\/\/www.bgstechnic.com\/\" class=\"link\" target=\"_blank\">https:\/\/www.bgstechnic.com\/<\/a><\/dc-con><bs-empty><\/bs-empty><\/dc-root><\/div>\n<p><bs-empty><\/bs-empty><\/div>\n<\/div>\n<div id=\"e7275300\" class=\"tabs\">\n","protected":false},"excerpt":{"rendered":"<p>ide\u00e1ln\u00ed pro v\u0161echny aplikace kolem karoserie a v\u0161ech ostatn\u00edch kovov\u00fdch povrch\u016f rozsah pou\u017eit\u00ed: odstra\u0148ov\u00e1n\u00ed laku, odstra\u0148ov\u00e1n\u00ed laku, odstra\u0148ov\u00e1n\u00ed rzi, \u010di\u0161t\u011bn\u00ed, \u010di\u0161t\u011bn\u00ed povrch\u016f a velk\u00e1 \u010d\u00e1st abraziva je zachycena tryskov\u00fdmi n\u00e1stavci a sb\u011brn\u00fdm s\u00e1\u010dkem a m\u016f\u017ee b\u00fdt znovu pou\u017eita s horn\u00edm z\u00e1sobn\u00edkem p\u00edsku z ABS plastu, objem a\u017e 900 ml flexibiln\u00ed pou\u017eit\u00ed pro \u010detn\u00e9 aplikace d\u00edky [&hellip;]<\/p>\n","protected":false},"featured_media":15435,"comment_status":"open","ping_status":"open","template":"","meta":[],"product_brand":[],"product_cat":[64],"product_tag":[],"class_list":{"0":"post-15335","1":"product","2":"type-product","3":"status-publish","4":"has-post-thumbnail","6":"product_cat-rucn-237-n-225-rad-237-a-d-237-lna","8":"first","9":"instock","10":"sale","11":"shipping-taxable","12":"purchasable","13":"product-type-simple"},"yoast_head":"<!-- This site is optimized with the Yoast SEO plugin v26.8 - https:\/\/yoast.com\/product\/yoast-seo-wordpress\/ -->\n<title>Hork\u00e1 Nab\u00eddka BGS Pneumatick\u00e1 p\u00edskovac\u00ed pistole v\u010d. p\u0159\u00edslu\u0161enstv\u00ed, 3d\u00edln\u00e1 -<\/title>\n<meta name=\"robots\" content=\"index, follow, max-snippet:-1, max-image-preview:large, max-video-preview:-1\" \/>\n<link rel=\"canonical\" href=\"https:\/\/www.domstavpro.com\/index.php\/produkt\/horka-nabidka-bgs-pneumaticka-piskovaci-pistole-vc-prislusenstvi-3dilna-15335\/\" \/>\n<meta property=\"og:locale\" content=\"cs_CZ\" \/>\n<meta property=\"og:type\" content=\"article\" \/>\n<meta property=\"og:title\" content=\"Hork\u00e1 Nab\u00eddka BGS Pneumatick\u00e1 p\u00edskovac\u00ed pistole v\u010d. p\u0159\u00edslu\u0161enstv\u00ed, 3d\u00edln\u00e1 -\" \/>\n<meta property=\"og:description\" content=\"ide\u00e1ln\u00ed pro v\u0161echny aplikace kolem karoserie a v\u0161ech ostatn\u00edch kovov\u00fdch povrch\u016f rozsah pou\u017eit\u00ed: odstra\u0148ov\u00e1n\u00ed laku, odstra\u0148ov\u00e1n\u00ed laku, odstra\u0148ov\u00e1n\u00ed rzi, \u010di\u0161t\u011bn\u00ed, \u010di\u0161t\u011bn\u00ed povrch\u016f a velk\u00e1 \u010d\u00e1st abraziva je zachycena tryskov\u00fdmi n\u00e1stavci a sb\u011brn\u00fdm s\u00e1\u010dkem a m\u016f\u017ee b\u00fdt znovu pou\u017eita s horn\u00edm z\u00e1sobn\u00edkem p\u00edsku z ABS plastu, objem a\u017e 900 ml flexibiln\u00ed pou\u017eit\u00ed pro \u010detn\u00e9 aplikace d\u00edky [&hellip;]\" \/>\n<meta property=\"og:url\" content=\"https:\/\/www.domstavpro.com\/index.php\/produkt\/horka-nabidka-bgs-pneumaticka-piskovaci-pistole-vc-prislusenstvi-3dilna-15335\/\" \/>\n<meta property=\"og:image\" content=\"https:\/\/www.domstavpro.com\/wp-content\/uploads\/2026\/SK0026849-CZ20260425-093449-0-1777080896-bgs-pneumaticka-piskovaci-pistole-vc-prislusenstvi-3dilna.j.webp\" \/>\n\t<meta property=\"og:image:width\" content=\"1000\" \/>\n\t<meta property=\"og:image:height\" content=\"525\" \/>\n\t<meta property=\"og:image:type\" content=\"image\/webp\" \/>\n<meta name=\"twitter:card\" content=\"summary_large_image\" \/>\n<meta name=\"twitter:label1\" content=\"Odhadovan\u00e1 doba \u010dten\u00ed\" \/>\n\t<meta name=\"twitter:data1\" content=\"1 minuta\" \/>\n<script type=\"application\/ld+json\" class=\"yoast-schema-graph\">{\"@context\":\"https:\/\/schema.org\",\"@graph\":[{\"@type\":\"WebPage\",\"@id\":\"https:\/\/www.domstavpro.com\/index.php\/produkt\/horka-nabidka-bgs-pneumaticka-piskovaci-pistole-vc-prislusenstvi-3dilna-15335\/\",\"url\":\"https:\/\/www.domstavpro.com\/index.php\/produkt\/horka-nabidka-bgs-pneumaticka-piskovaci-pistole-vc-prislusenstvi-3dilna-15335\/\",\"name\":\"Hork\u00e1 Nab\u00eddka BGS Pneumatick\u00e1 p\u00edskovac\u00ed pistole v\u010d. p\u0159\u00edslu\u0161enstv\u00ed, 3d\u00edln\u00e1 -\",\"isPartOf\":{\"@id\":\"https:\/\/www.domstavpro.com\/#website\"},\"primaryImageOfPage\":{\"@id\":\"https:\/\/www.domstavpro.com\/index.php\/produkt\/horka-nabidka-bgs-pneumaticka-piskovaci-pistole-vc-prislusenstvi-3dilna-15335\/#primaryimage\"},\"image\":{\"@id\":\"https:\/\/www.domstavpro.com\/index.php\/produkt\/horka-nabidka-bgs-pneumaticka-piskovaci-pistole-vc-prislusenstvi-3dilna-15335\/#primaryimage\"},\"thumbnailUrl\":\"https:\/\/www.domstavpro.com\/wp-content\/uploads\/2026\/SK0026849-CZ20260425-093449-0-1777080896-bgs-pneumaticka-piskovaci-pistole-vc-prislusenstvi-3dilna.j.webp\",\"datePublished\":\"2026-04-27T15:08:29+00:00\",\"breadcrumb\":{\"@id\":\"https:\/\/www.domstavpro.com\/index.php\/produkt\/horka-nabidka-bgs-pneumaticka-piskovaci-pistole-vc-prislusenstvi-3dilna-15335\/#breadcrumb\"},\"inLanguage\":\"cs\",\"potentialAction\":[{\"@type\":\"ReadAction\",\"target\":[\"https:\/\/www.domstavpro.com\/index.php\/produkt\/horka-nabidka-bgs-pneumaticka-piskovaci-pistole-vc-prislusenstvi-3dilna-15335\/\"]}]},{\"@type\":\"ImageObject\",\"inLanguage\":\"cs\",\"@id\":\"https:\/\/www.domstavpro.com\/index.php\/produkt\/horka-nabidka-bgs-pneumaticka-piskovaci-pistole-vc-prislusenstvi-3dilna-15335\/#primaryimage\",\"url\":\"https:\/\/www.domstavpro.com\/wp-content\/uploads\/2026\/SK0026849-CZ20260425-093449-0-1777080896-bgs-pneumaticka-piskovaci-pistole-vc-prislusenstvi-3dilna.j.webp\",\"contentUrl\":\"https:\/\/www.domstavpro.com\/wp-content\/uploads\/2026\/SK0026849-CZ20260425-093449-0-1777080896-bgs-pneumaticka-piskovaci-pistole-vc-prislusenstvi-3dilna.j.webp\",\"width\":1000,\"height\":525},{\"@type\":\"BreadcrumbList\",\"@id\":\"https:\/\/www.domstavpro.com\/index.php\/produkt\/horka-nabidka-bgs-pneumaticka-piskovaci-pistole-vc-prislusenstvi-3dilna-15335\/#breadcrumb\",\"itemListElement\":[{\"@type\":\"ListItem\",\"position\":1,\"name\":\"Home\",\"item\":\"https:\/\/www.domstavpro.com\/\"},{\"@type\":\"ListItem\",\"position\":2,\"name\":\"Products\",\"item\":\"https:\/\/www.domstavpro.com\/index.php\/products\/\"},{\"@type\":\"ListItem\",\"position\":3,\"name\":\"Hork\u00e1 Nab\u00eddka BGS Pneumatick\u00e1 p\u00edskovac\u00ed pistole v\u010d. p\u0159\u00edslu\u0161enstv\u00ed, 3d\u00edln\u00e1\"}]},{\"@type\":\"WebSite\",\"@id\":\"https:\/\/www.domstavpro.com\/#website\",\"url\":\"https:\/\/www.domstavpro.com\/\",\"name\":\"\",\"description\":\"\",\"potentialAction\":[{\"@type\":\"SearchAction\",\"target\":{\"@type\":\"EntryPoint\",\"urlTemplate\":\"https:\/\/www.domstavpro.com\/?s={search_term_string}\"},\"query-input\":{\"@type\":\"PropertyValueSpecification\",\"valueRequired\":true,\"valueName\":\"search_term_string\"}}],\"inLanguage\":\"cs\"}]}<\/script>\n<!-- \/ Yoast SEO plugin. -->","yoast_head_json":{"title":"Hork\u00e1 Nab\u00eddka BGS Pneumatick\u00e1 p\u00edskovac\u00ed pistole v\u010d. p\u0159\u00edslu\u0161enstv\u00ed, 3d\u00edln\u00e1 -","robots":{"index":"index","follow":"follow","max-snippet":"max-snippet:-1","max-image-preview":"max-image-preview:large","max-video-preview":"max-video-preview:-1"},"canonical":"https:\/\/www.domstavpro.com\/index.php\/produkt\/horka-nabidka-bgs-pneumaticka-piskovaci-pistole-vc-prislusenstvi-3dilna-15335\/","og_locale":"cs_CZ","og_type":"article","og_title":"Hork\u00e1 Nab\u00eddka BGS Pneumatick\u00e1 p\u00edskovac\u00ed pistole v\u010d. p\u0159\u00edslu\u0161enstv\u00ed, 3d\u00edln\u00e1 -","og_description":"ide\u00e1ln\u00ed pro v\u0161echny aplikace kolem karoserie a v\u0161ech ostatn\u00edch kovov\u00fdch povrch\u016f rozsah pou\u017eit\u00ed: odstra\u0148ov\u00e1n\u00ed laku, odstra\u0148ov\u00e1n\u00ed laku, odstra\u0148ov\u00e1n\u00ed rzi, \u010di\u0161t\u011bn\u00ed, \u010di\u0161t\u011bn\u00ed povrch\u016f a velk\u00e1 \u010d\u00e1st abraziva je zachycena tryskov\u00fdmi n\u00e1stavci a sb\u011brn\u00fdm s\u00e1\u010dkem a m\u016f\u017ee b\u00fdt znovu pou\u017eita s horn\u00edm z\u00e1sobn\u00edkem p\u00edsku z ABS plastu, objem a\u017e 900 ml flexibiln\u00ed pou\u017eit\u00ed pro \u010detn\u00e9 aplikace d\u00edky [&hellip;]","og_url":"https:\/\/www.domstavpro.com\/index.php\/produkt\/horka-nabidka-bgs-pneumaticka-piskovaci-pistole-vc-prislusenstvi-3dilna-15335\/","og_image":[{"width":1000,"height":525,"url":"https:\/\/www.domstavpro.com\/wp-content\/uploads\/2026\/SK0026849-CZ20260425-093449-0-1777080896-bgs-pneumaticka-piskovaci-pistole-vc-prislusenstvi-3dilna.j.webp","type":"image\/webp"}],"twitter_card":"summary_large_image","twitter_misc":{"Odhadovan\u00e1 doba \u010dten\u00ed":"1 minuta"},"schema":{"@context":"https:\/\/schema.org","@graph":[{"@type":"WebPage","@id":"https:\/\/www.domstavpro.com\/index.php\/produkt\/horka-nabidka-bgs-pneumaticka-piskovaci-pistole-vc-prislusenstvi-3dilna-15335\/","url":"https:\/\/www.domstavpro.com\/index.php\/produkt\/horka-nabidka-bgs-pneumaticka-piskovaci-pistole-vc-prislusenstvi-3dilna-15335\/","name":"Hork\u00e1 Nab\u00eddka BGS Pneumatick\u00e1 p\u00edskovac\u00ed pistole v\u010d. p\u0159\u00edslu\u0161enstv\u00ed, 3d\u00edln\u00e1 -","isPartOf":{"@id":"https:\/\/www.domstavpro.com\/#website"},"primaryImageOfPage":{"@id":"https:\/\/www.domstavpro.com\/index.php\/produkt\/horka-nabidka-bgs-pneumaticka-piskovaci-pistole-vc-prislusenstvi-3dilna-15335\/#primaryimage"},"image":{"@id":"https:\/\/www.domstavpro.com\/index.php\/produkt\/horka-nabidka-bgs-pneumaticka-piskovaci-pistole-vc-prislusenstvi-3dilna-15335\/#primaryimage"},"thumbnailUrl":"https:\/\/www.domstavpro.com\/wp-content\/uploads\/2026\/SK0026849-CZ20260425-093449-0-1777080896-bgs-pneumaticka-piskovaci-pistole-vc-prislusenstvi-3dilna.j.webp","datePublished":"2026-04-27T15:08:29+00:00","breadcrumb":{"@id":"https:\/\/www.domstavpro.com\/index.php\/produkt\/horka-nabidka-bgs-pneumaticka-piskovaci-pistole-vc-prislusenstvi-3dilna-15335\/#breadcrumb"},"inLanguage":"cs","potentialAction":[{"@type":"ReadAction","target":["https:\/\/www.domstavpro.com\/index.php\/produkt\/horka-nabidka-bgs-pneumaticka-piskovaci-pistole-vc-prislusenstvi-3dilna-15335\/"]}]},{"@type":"ImageObject","inLanguage":"cs","@id":"https:\/\/www.domstavpro.com\/index.php\/produkt\/horka-nabidka-bgs-pneumaticka-piskovaci-pistole-vc-prislusenstvi-3dilna-15335\/#primaryimage","url":"https:\/\/www.domstavpro.com\/wp-content\/uploads\/2026\/SK0026849-CZ20260425-093449-0-1777080896-bgs-pneumaticka-piskovaci-pistole-vc-prislusenstvi-3dilna.j.webp","contentUrl":"https:\/\/www.domstavpro.com\/wp-content\/uploads\/2026\/SK0026849-CZ20260425-093449-0-1777080896-bgs-pneumaticka-piskovaci-pistole-vc-prislusenstvi-3dilna.j.webp","width":1000,"height":525},{"@type":"BreadcrumbList","@id":"https:\/\/www.domstavpro.com\/index.php\/produkt\/horka-nabidka-bgs-pneumaticka-piskovaci-pistole-vc-prislusenstvi-3dilna-15335\/#breadcrumb","itemListElement":[{"@type":"ListItem","position":1,"name":"Home","item":"https:\/\/www.domstavpro.com\/"},{"@type":"ListItem","position":2,"name":"Products","item":"https:\/\/www.domstavpro.com\/index.php\/products\/"},{"@type":"ListItem","position":3,"name":"Hork\u00e1 Nab\u00eddka BGS Pneumatick\u00e1 p\u00edskovac\u00ed pistole v\u010d. p\u0159\u00edslu\u0161enstv\u00ed, 3d\u00edln\u00e1"}]},{"@type":"WebSite","@id":"https:\/\/www.domstavpro.com\/#website","url":"https:\/\/www.domstavpro.com\/","name":"","description":"","potentialAction":[{"@type":"SearchAction","target":{"@type":"EntryPoint","urlTemplate":"https:\/\/www.domstavpro.com\/?s={search_term_string}"},"query-input":{"@type":"PropertyValueSpecification","valueRequired":true,"valueName":"search_term_string"}}],"inLanguage":"cs"}]}},"_links":{"self":[{"href":"https:\/\/www.domstavpro.com\/index.php\/wp-json\/wp\/v2\/product\/15335","targetHints":{"allow":["GET"]}}],"collection":[{"href":"https:\/\/www.domstavpro.com\/index.php\/wp-json\/wp\/v2\/product"}],"about":[{"href":"https:\/\/www.domstavpro.com\/index.php\/wp-json\/wp\/v2\/types\/product"}],"replies":[{"embeddable":true,"href":"https:\/\/www.domstavpro.com\/index.php\/wp-json\/wp\/v2\/comments?post=15335"}],"wp:featuredmedia":[{"embeddable":true,"href":"https:\/\/www.domstavpro.com\/index.php\/wp-json\/wp\/v2\/media\/15435"}],"wp:attachment":[{"href":"https:\/\/www.domstavpro.com\/index.php\/wp-json\/wp\/v2\/media?parent=15335"}],"wp:term":[{"taxonomy":"product_brand","embeddable":true,"href":"https:\/\/www.domstavpro.com\/index.php\/wp-json\/wp\/v2\/product_brand?post=15335"},{"taxonomy":"product_cat","embeddable":true,"href":"https:\/\/www.domstavpro.com\/index.php\/wp-json\/wp\/v2\/product_cat?post=15335"},{"taxonomy":"product_tag","embeddable":true,"href":"https:\/\/www.domstavpro.com\/index.php\/wp-json\/wp\/v2\/product_tag?post=15335"}],"curies":[{"name":"wp","href":"https:\/\/api.w.org\/{rel}","templated":true}]}}