{"id":15332,"date":"2026-04-27T15:08:29","date_gmt":"2026-04-27T15:08:29","guid":{"rendered":""},"modified":"2026-04-27T15:08:29","modified_gmt":"2026-04-27T15:08:29","slug":"casove-omezene-bgs-vana-pro-vypousteni-a-odkapavani-oleje-pojizdna-55-l-15332","status":"publish","type":"product","link":"https:\/\/www.domstavpro.com\/index.php\/produkt\/casove-omezene-bgs-vana-pro-vypousteni-a-odkapavani-oleje-pojizdna-55-l-15332\/","title":{"rendered":"\u010casov\u011b Omezen\u00e9 BGS Vana pro vypou\u0161t\u011bn\u00ed a odkap\u00e1v\u00e1n\u00ed oleje, poj\u00edzdn\u00e1, 55 l"},"content":{"rendered":"<div id=\"e7273429\" class=\"pages\">\n<div>\n<div id=\"PDDescription\" class=\"UserContentView userContent v1a v1 bs-view dcon dc164 PDDescription\" ><dc-con><dc-con><bs-empty><\/bs-empty><\/dc-con><dc-con>        <\/p>\n<div class=\"customDescription\">                    <\/div>\n<p><\/dc-con><dc-con><\/p>\n<ul>\n<li>univerz\u00e1ln\u011b a efektivn\u011b pou\u017eiteln\u00fd v d\u00edln\u011b<\/li>\n<li>obzvl\u00e1\u0161t\u011b vhodn\u00fd pro opravy bl\u00edzko zem\u011b<\/li>\n<li>kompaktn\u00ed design s praktickou rukojet\u00ed pro tla\u010den\u00ed<\/li>\n<li>obd\u00e9ln\u00edkov\u00fd< \/li>\n<li>odn\u00edmateln\u00e1 s\u00ed\u0165ovina<\/li>\n<li>odtok s funkc\u00ed uzav\u0159en\u00ed u zadn\u00edho bo\u010dn\u00edho kohoutku<\/li>\n<li>2 pevn\u00e1 kole\u010dka<\/li>\n<li>2 oto\u010dn\u00e1 kole\u010dka<\/li>\n<\/ul>\n<ul>\n<li>objem p\u00e1nve: max. 56,85 l<\/li>\n<li>sv\u011btl\u00e1 v\u00fd\u0161ka: 230 mm<\/li>\n<li>O kole\u010dek: 120 mm<\/li>\n<li>oto\u010dn\u00e1 kole\u010dka O: 75 mm<\/li>\n<li>ok: 810 x 460 mm<\/li>\n<\/ul>\n<p><\/dc-con><\/dc-con><\/div>\n<div id=\"PDDescription2\" class=\"UserContentView userContent v1a v1 bs-view dcon dc165 PDDescription2\" >V\u00dd\u0160KA BALEN\u00cd<\/div>\n<\/p><\/div>\n<div id=\"PDTable3\" class=\"ProductDetailTableView v3a v3 bs-view dcon dc185 PDTable3\" >\n<table>\n<thead><\/thead>\n<tbody>\n<tr class=\"attribute attr_bsshop_maker\">\n<td class=\"caption\">V\u00fdrobce<\/td>\n<td class=\"value\">BGS Technic<\/td>\n<\/tr>\n<\/tbody>\n<\/table>\n<\/div>\n<div id=\"PdProductGpsr\" class=\"ProductGpsrView v1a v1 bs-view dcon dc217 PdProductGpsr\" >\n<div class=\"subject\"><dc-root class=\"dcon dc219\"><span class=\"title\">Zodpov\u011bdn&#253; subjekt:<\/span><dc-con><dc-con><span class=\"company\">BGS technik KG<\/span><span class=\"name\">BGS Technic<\/span><\/dc-con><dc-con><span class=\"street\">Bandwirkerstr. 3<\/span><span class=\"city\">Wermelskirchen<\/span><span class=\"zip\">429 29<\/span><span class=\"country\">N\u011bmecko<\/span><\/dc-con><span class=\"email\">mail@bgs-technic.de<\/span><span class=\"phone\">+49 2196-720480<\/span><bs-empty><\/bs-empty><a href=\"https:\/\/www.bgstechnic.com\/\" class=\"link\" target=\"_blank\">https:\/\/www.bgstechnic.com\/<\/a><\/dc-con><bs-empty><\/bs-empty><\/dc-root><\/div>\n<p><bs-empty><\/bs-empty><\/div>\n<\/div>\n<div id=\"e7273430\" class=\"tabs\">\n","protected":false},"excerpt":{"rendered":"<p>univerz\u00e1ln\u011b a efektivn\u011b pou\u017eiteln\u00fd v d\u00edln\u011b obzvl\u00e1\u0161t\u011b vhodn\u00fd pro opravy bl\u00edzko zem\u011b kompaktn\u00ed design s praktickou rukojet\u00ed pro tla\u010den\u00ed obd\u00e9ln\u00edkov\u00fd< \/li> odn\u00edmateln\u00e1 s\u00ed\u0165ovina odtok s funkc\u00ed uzav\u0159en\u00ed u zadn\u00edho bo\u010dn\u00edho kohoutku 2 pevn\u00e1 kole\u010dka 2 oto\u010dn\u00e1 kole\u010dka objem p\u00e1nve: max. 56,85 l sv\u011btl\u00e1 v\u00fd\u0161ka: 230 mm O kole\u010dek: 120 mm oto\u010dn\u00e1 kole\u010dka O: 75 mm [&hellip;]<\/p>\n","protected":false},"featured_media":15432,"comment_status":"open","ping_status":"open","template":"","meta":[],"product_brand":[],"product_cat":[64],"product_tag":[],"class_list":{"0":"post-15332","1":"product","2":"type-product","3":"status-publish","4":"has-post-thumbnail","6":"product_cat-rucn-237-n-225-rad-237-a-d-237-lna","8":"first","9":"instock","10":"sale","11":"shipping-taxable","12":"purchasable","13":"product-type-simple"},"yoast_head":"<!-- This site is optimized with the Yoast SEO plugin v26.8 - https:\/\/yoast.com\/product\/yoast-seo-wordpress\/ -->\n<title>\u010casov\u011b Omezen\u00e9 BGS Vana pro vypou\u0161t\u011bn\u00ed a odkap\u00e1v\u00e1n\u00ed oleje, poj\u00edzdn\u00e1, 55 l -<\/title>\n<meta name=\"robots\" content=\"index, follow, max-snippet:-1, max-image-preview:large, max-video-preview:-1\" \/>\n<link rel=\"canonical\" href=\"https:\/\/www.domstavpro.com\/index.php\/produkt\/casove-omezene-bgs-vana-pro-vypousteni-a-odkapavani-oleje-pojizdna-55-l-15332\/\" \/>\n<meta property=\"og:locale\" content=\"cs_CZ\" \/>\n<meta property=\"og:type\" content=\"article\" \/>\n<meta property=\"og:title\" content=\"\u010casov\u011b Omezen\u00e9 BGS Vana pro vypou\u0161t\u011bn\u00ed a odkap\u00e1v\u00e1n\u00ed oleje, poj\u00edzdn\u00e1, 55 l -\" \/>\n<meta property=\"og:description\" content=\"univerz\u00e1ln\u011b a efektivn\u011b pou\u017eiteln\u00fd v d\u00edln\u011b obzvl\u00e1\u0161t\u011b vhodn\u00fd pro opravy bl\u00edzko zem\u011b kompaktn\u00ed design s praktickou rukojet\u00ed pro tla\u010den\u00ed obd\u00e9ln\u00edkov\u00fd&lt; \/li&gt; odn\u00edmateln\u00e1 s\u00ed\u0165ovina odtok s funkc\u00ed uzav\u0159en\u00ed u zadn\u00edho bo\u010dn\u00edho kohoutku 2 pevn\u00e1 kole\u010dka 2 oto\u010dn\u00e1 kole\u010dka objem p\u00e1nve: max. 56,85 l sv\u011btl\u00e1 v\u00fd\u0161ka: 230 mm O kole\u010dek: 120 mm oto\u010dn\u00e1 kole\u010dka O: 75 mm [&hellip;]\" \/>\n<meta property=\"og:url\" content=\"https:\/\/www.domstavpro.com\/index.php\/produkt\/casove-omezene-bgs-vana-pro-vypousteni-a-odkapavani-oleje-pojizdna-55-l-15332\/\" \/>\n<meta property=\"og:image\" content=\"https:\/\/www.domstavpro.com\/wp-content\/uploads\/2026\/SK0026846-CZ20260425-093449-0-1777080896-bgs-vana-pro-vypousteni-a-odkapavani-oleje-pojizdna-55-l.jp.webp\" \/>\n\t<meta property=\"og:image:width\" content=\"1000\" \/>\n\t<meta property=\"og:image:height\" content=\"525\" \/>\n\t<meta property=\"og:image:type\" content=\"image\/webp\" \/>\n<meta name=\"twitter:card\" content=\"summary_large_image\" \/>\n<script type=\"application\/ld+json\" class=\"yoast-schema-graph\">{\"@context\":\"https:\/\/schema.org\",\"@graph\":[{\"@type\":\"WebPage\",\"@id\":\"https:\/\/www.domstavpro.com\/index.php\/produkt\/casove-omezene-bgs-vana-pro-vypousteni-a-odkapavani-oleje-pojizdna-55-l-15332\/\",\"url\":\"https:\/\/www.domstavpro.com\/index.php\/produkt\/casove-omezene-bgs-vana-pro-vypousteni-a-odkapavani-oleje-pojizdna-55-l-15332\/\",\"name\":\"\u010casov\u011b Omezen\u00e9 BGS Vana pro vypou\u0161t\u011bn\u00ed a odkap\u00e1v\u00e1n\u00ed oleje, poj\u00edzdn\u00e1, 55 l -\",\"isPartOf\":{\"@id\":\"https:\/\/www.domstavpro.com\/#website\"},\"primaryImageOfPage\":{\"@id\":\"https:\/\/www.domstavpro.com\/index.php\/produkt\/casove-omezene-bgs-vana-pro-vypousteni-a-odkapavani-oleje-pojizdna-55-l-15332\/#primaryimage\"},\"image\":{\"@id\":\"https:\/\/www.domstavpro.com\/index.php\/produkt\/casove-omezene-bgs-vana-pro-vypousteni-a-odkapavani-oleje-pojizdna-55-l-15332\/#primaryimage\"},\"thumbnailUrl\":\"https:\/\/www.domstavpro.com\/wp-content\/uploads\/2026\/SK0026846-CZ20260425-093449-0-1777080896-bgs-vana-pro-vypousteni-a-odkapavani-oleje-pojizdna-55-l.jp.webp\",\"datePublished\":\"2026-04-27T15:08:29+00:00\",\"breadcrumb\":{\"@id\":\"https:\/\/www.domstavpro.com\/index.php\/produkt\/casove-omezene-bgs-vana-pro-vypousteni-a-odkapavani-oleje-pojizdna-55-l-15332\/#breadcrumb\"},\"inLanguage\":\"cs\",\"potentialAction\":[{\"@type\":\"ReadAction\",\"target\":[\"https:\/\/www.domstavpro.com\/index.php\/produkt\/casove-omezene-bgs-vana-pro-vypousteni-a-odkapavani-oleje-pojizdna-55-l-15332\/\"]}]},{\"@type\":\"ImageObject\",\"inLanguage\":\"cs\",\"@id\":\"https:\/\/www.domstavpro.com\/index.php\/produkt\/casove-omezene-bgs-vana-pro-vypousteni-a-odkapavani-oleje-pojizdna-55-l-15332\/#primaryimage\",\"url\":\"https:\/\/www.domstavpro.com\/wp-content\/uploads\/2026\/SK0026846-CZ20260425-093449-0-1777080896-bgs-vana-pro-vypousteni-a-odkapavani-oleje-pojizdna-55-l.jp.webp\",\"contentUrl\":\"https:\/\/www.domstavpro.com\/wp-content\/uploads\/2026\/SK0026846-CZ20260425-093449-0-1777080896-bgs-vana-pro-vypousteni-a-odkapavani-oleje-pojizdna-55-l.jp.webp\",\"width\":1000,\"height\":525},{\"@type\":\"BreadcrumbList\",\"@id\":\"https:\/\/www.domstavpro.com\/index.php\/produkt\/casove-omezene-bgs-vana-pro-vypousteni-a-odkapavani-oleje-pojizdna-55-l-15332\/#breadcrumb\",\"itemListElement\":[{\"@type\":\"ListItem\",\"position\":1,\"name\":\"Home\",\"item\":\"https:\/\/www.domstavpro.com\/\"},{\"@type\":\"ListItem\",\"position\":2,\"name\":\"Products\",\"item\":\"https:\/\/www.domstavpro.com\/index.php\/products\/\"},{\"@type\":\"ListItem\",\"position\":3,\"name\":\"\u010casov\u011b Omezen\u00e9 BGS Vana pro vypou\u0161t\u011bn\u00ed a odkap\u00e1v\u00e1n\u00ed oleje, poj\u00edzdn\u00e1, 55 l\"}]},{\"@type\":\"WebSite\",\"@id\":\"https:\/\/www.domstavpro.com\/#website\",\"url\":\"https:\/\/www.domstavpro.com\/\",\"name\":\"\",\"description\":\"\",\"potentialAction\":[{\"@type\":\"SearchAction\",\"target\":{\"@type\":\"EntryPoint\",\"urlTemplate\":\"https:\/\/www.domstavpro.com\/?s={search_term_string}\"},\"query-input\":{\"@type\":\"PropertyValueSpecification\",\"valueRequired\":true,\"valueName\":\"search_term_string\"}}],\"inLanguage\":\"cs\"}]}<\/script>\n<!-- \/ Yoast SEO plugin. -->","yoast_head_json":{"title":"\u010casov\u011b Omezen\u00e9 BGS Vana pro vypou\u0161t\u011bn\u00ed a odkap\u00e1v\u00e1n\u00ed oleje, poj\u00edzdn\u00e1, 55 l -","robots":{"index":"index","follow":"follow","max-snippet":"max-snippet:-1","max-image-preview":"max-image-preview:large","max-video-preview":"max-video-preview:-1"},"canonical":"https:\/\/www.domstavpro.com\/index.php\/produkt\/casove-omezene-bgs-vana-pro-vypousteni-a-odkapavani-oleje-pojizdna-55-l-15332\/","og_locale":"cs_CZ","og_type":"article","og_title":"\u010casov\u011b Omezen\u00e9 BGS Vana pro vypou\u0161t\u011bn\u00ed a odkap\u00e1v\u00e1n\u00ed oleje, poj\u00edzdn\u00e1, 55 l -","og_description":"univerz\u00e1ln\u011b a efektivn\u011b pou\u017eiteln\u00fd v d\u00edln\u011b obzvl\u00e1\u0161t\u011b vhodn\u00fd pro opravy bl\u00edzko zem\u011b kompaktn\u00ed design s praktickou rukojet\u00ed pro tla\u010den\u00ed obd\u00e9ln\u00edkov\u00fd< \/li> odn\u00edmateln\u00e1 s\u00ed\u0165ovina odtok s funkc\u00ed uzav\u0159en\u00ed u zadn\u00edho bo\u010dn\u00edho kohoutku 2 pevn\u00e1 kole\u010dka 2 oto\u010dn\u00e1 kole\u010dka objem p\u00e1nve: max. 56,85 l sv\u011btl\u00e1 v\u00fd\u0161ka: 230 mm O kole\u010dek: 120 mm oto\u010dn\u00e1 kole\u010dka O: 75 mm [&hellip;]","og_url":"https:\/\/www.domstavpro.com\/index.php\/produkt\/casove-omezene-bgs-vana-pro-vypousteni-a-odkapavani-oleje-pojizdna-55-l-15332\/","og_image":[{"width":1000,"height":525,"url":"https:\/\/www.domstavpro.com\/wp-content\/uploads\/2026\/SK0026846-CZ20260425-093449-0-1777080896-bgs-vana-pro-vypousteni-a-odkapavani-oleje-pojizdna-55-l.jp.webp","type":"image\/webp"}],"twitter_card":"summary_large_image","schema":{"@context":"https:\/\/schema.org","@graph":[{"@type":"WebPage","@id":"https:\/\/www.domstavpro.com\/index.php\/produkt\/casove-omezene-bgs-vana-pro-vypousteni-a-odkapavani-oleje-pojizdna-55-l-15332\/","url":"https:\/\/www.domstavpro.com\/index.php\/produkt\/casove-omezene-bgs-vana-pro-vypousteni-a-odkapavani-oleje-pojizdna-55-l-15332\/","name":"\u010casov\u011b Omezen\u00e9 BGS Vana pro vypou\u0161t\u011bn\u00ed a odkap\u00e1v\u00e1n\u00ed oleje, poj\u00edzdn\u00e1, 55 l -","isPartOf":{"@id":"https:\/\/www.domstavpro.com\/#website"},"primaryImageOfPage":{"@id":"https:\/\/www.domstavpro.com\/index.php\/produkt\/casove-omezene-bgs-vana-pro-vypousteni-a-odkapavani-oleje-pojizdna-55-l-15332\/#primaryimage"},"image":{"@id":"https:\/\/www.domstavpro.com\/index.php\/produkt\/casove-omezene-bgs-vana-pro-vypousteni-a-odkapavani-oleje-pojizdna-55-l-15332\/#primaryimage"},"thumbnailUrl":"https:\/\/www.domstavpro.com\/wp-content\/uploads\/2026\/SK0026846-CZ20260425-093449-0-1777080896-bgs-vana-pro-vypousteni-a-odkapavani-oleje-pojizdna-55-l.jp.webp","datePublished":"2026-04-27T15:08:29+00:00","breadcrumb":{"@id":"https:\/\/www.domstavpro.com\/index.php\/produkt\/casove-omezene-bgs-vana-pro-vypousteni-a-odkapavani-oleje-pojizdna-55-l-15332\/#breadcrumb"},"inLanguage":"cs","potentialAction":[{"@type":"ReadAction","target":["https:\/\/www.domstavpro.com\/index.php\/produkt\/casove-omezene-bgs-vana-pro-vypousteni-a-odkapavani-oleje-pojizdna-55-l-15332\/"]}]},{"@type":"ImageObject","inLanguage":"cs","@id":"https:\/\/www.domstavpro.com\/index.php\/produkt\/casove-omezene-bgs-vana-pro-vypousteni-a-odkapavani-oleje-pojizdna-55-l-15332\/#primaryimage","url":"https:\/\/www.domstavpro.com\/wp-content\/uploads\/2026\/SK0026846-CZ20260425-093449-0-1777080896-bgs-vana-pro-vypousteni-a-odkapavani-oleje-pojizdna-55-l.jp.webp","contentUrl":"https:\/\/www.domstavpro.com\/wp-content\/uploads\/2026\/SK0026846-CZ20260425-093449-0-1777080896-bgs-vana-pro-vypousteni-a-odkapavani-oleje-pojizdna-55-l.jp.webp","width":1000,"height":525},{"@type":"BreadcrumbList","@id":"https:\/\/www.domstavpro.com\/index.php\/produkt\/casove-omezene-bgs-vana-pro-vypousteni-a-odkapavani-oleje-pojizdna-55-l-15332\/#breadcrumb","itemListElement":[{"@type":"ListItem","position":1,"name":"Home","item":"https:\/\/www.domstavpro.com\/"},{"@type":"ListItem","position":2,"name":"Products","item":"https:\/\/www.domstavpro.com\/index.php\/products\/"},{"@type":"ListItem","position":3,"name":"\u010casov\u011b Omezen\u00e9 BGS Vana pro vypou\u0161t\u011bn\u00ed a odkap\u00e1v\u00e1n\u00ed oleje, poj\u00edzdn\u00e1, 55 l"}]},{"@type":"WebSite","@id":"https:\/\/www.domstavpro.com\/#website","url":"https:\/\/www.domstavpro.com\/","name":"","description":"","potentialAction":[{"@type":"SearchAction","target":{"@type":"EntryPoint","urlTemplate":"https:\/\/www.domstavpro.com\/?s={search_term_string}"},"query-input":{"@type":"PropertyValueSpecification","valueRequired":true,"valueName":"search_term_string"}}],"inLanguage":"cs"}]}},"_links":{"self":[{"href":"https:\/\/www.domstavpro.com\/index.php\/wp-json\/wp\/v2\/product\/15332","targetHints":{"allow":["GET"]}}],"collection":[{"href":"https:\/\/www.domstavpro.com\/index.php\/wp-json\/wp\/v2\/product"}],"about":[{"href":"https:\/\/www.domstavpro.com\/index.php\/wp-json\/wp\/v2\/types\/product"}],"replies":[{"embeddable":true,"href":"https:\/\/www.domstavpro.com\/index.php\/wp-json\/wp\/v2\/comments?post=15332"}],"wp:featuredmedia":[{"embeddable":true,"href":"https:\/\/www.domstavpro.com\/index.php\/wp-json\/wp\/v2\/media\/15432"}],"wp:attachment":[{"href":"https:\/\/www.domstavpro.com\/index.php\/wp-json\/wp\/v2\/media?parent=15332"}],"wp:term":[{"taxonomy":"product_brand","embeddable":true,"href":"https:\/\/www.domstavpro.com\/index.php\/wp-json\/wp\/v2\/product_brand?post=15332"},{"taxonomy":"product_cat","embeddable":true,"href":"https:\/\/www.domstavpro.com\/index.php\/wp-json\/wp\/v2\/product_cat?post=15332"},{"taxonomy":"product_tag","embeddable":true,"href":"https:\/\/www.domstavpro.com\/index.php\/wp-json\/wp\/v2\/product_tag?post=15332"}],"curies":[{"name":"wp","href":"https:\/\/api.w.org\/{rel}","templated":true}]}}