{"id":15328,"date":"2026-04-27T15:08:29","date_gmt":"2026-04-27T15:08:29","guid":{"rendered":""},"modified":"2026-04-27T15:08:29","modified_gmt":"2026-04-27T15:08:29","slug":"finalni-vyprodej-bgs-laserovy-dalkomer-15328","status":"publish","type":"product","link":"https:\/\/www.domstavpro.com\/index.php\/produkt\/finalni-vyprodej-bgs-laserovy-dalkomer-15328\/","title":{"rendered":"Fin\u00e1ln\u00ed V\u00fdprodej BGS Laserov\u00fd d\u00e1lkom\u011br"},"content":{"rendered":"<div id=\"e7862386\" class=\"pages\">\n<div>\n<div id=\"PDDescription\" class=\"UserContentView userContent v1a v1 bs-view dcon dc164 PDDescription\" ><dc-con><dc-con><bs-empty><\/bs-empty><\/dc-con><dc-con>        <\/p>\n<div class=\"customDescription\">                    <\/div>\n<p><\/dc-con><dc-con><\/p>\n<ul>\n<li>snadno ovladateln\u00fd, mal\u00fd m\u011b\u0159i\u010d vzd\u00e1lenosti s mnoha funkcemi<\/li>\n<li>jednotliv\u00e9 a nep\u0159etr\u017eit\u00e9 m\u011b\u0159en\u00ed<\/li>\n<li>pro m\u011b\u0159en\u00ed d\u00e9lek a v\u00fdpo\u010det plochy a objemu<\/li>\n<li>v\u00fdpo\u010det metody: p\u0159\u00edm\u00fd a nep\u0159\u00edm\u00fd v\u00fdpo\u010det (Pythagorova v\u011bta)<\/li>\n<li>pam\u011b\u0165ov\u00e1 funkce pro nam\u011b\u0159en\u00e1 data<\/li>\n<li>snadno \u010diteln\u00fd displej s funkc\u00ed podsv\u00edcen\u00ed<\/li>\n<li>pouzdro odoln\u00e9 proti prachu a st\u0159\u00edkaj\u00edc\u00ed vod\u011b pro pou\u017eit\u00ed ve zt\u00ed\u017een\u00fdch podm\u00ednk\u00e1ch<\/li>\n<li>p\u0159\u00eddavn\u00e1 vodov\u00e1ha pro vyrovn\u00e1n\u00ed za\u0159\u00edzen\u00ed<\/li>\n<\/ul>\n<ul>\n<li>p\u0159esnost: +\/- 1,5 mm<\/li>\n<li>m\u011brn\u00e1 jednotka: m \/ palec \/ stopy<\/li>\n<li>t\u0159\u00edda laseru: t\u0159\u00edda II<\/li>\n<li>vlnov\u00e1 d\u00e9lka laseru: 630 &#8211; 670 nm<\/li>\n<li>v\u00fdkon laseru: &lt; 1 mW<\/li>\n<\/ul>\n<p><\/dc-con><\/dc-con><\/div>\n<div id=\"PDDescription2\" class=\"UserContentView userContent v1a v1 bs-view dcon dc165 PDDescription2\" >V\u00dd\u0160KA BALEN\u00cd<\/div>\n<\/p><\/div>\n<div id=\"PDTable3\" class=\"ProductDetailTableView v3a v3 bs-view dcon dc185 PDTable3\" >\n<table>\n<thead><\/thead>\n<tbody>\n<tr class=\"attribute attr_bsshop_maker\">\n<td class=\"caption\">V\u00fdrobce<\/td>\n<td class=\"value\">BGS Technic<\/td>\n<\/tr>\n<\/tbody>\n<\/table>\n<\/div>\n<div id=\"PdProductGpsr\" class=\"ProductGpsrView v1a v1 bs-view dcon dc217 PdProductGpsr\" >\n<div class=\"subject\"><dc-root class=\"dcon dc219\"><span class=\"title\">Zodpov\u011bdn&#253; subjekt:<\/span><dc-con><dc-con><span class=\"company\">BGS technik KG<\/span><span class=\"name\">BGS Technic<\/span><\/dc-con><dc-con><span class=\"street\">Bandwirkerstr. 3<\/span><span class=\"city\">Wermelskirchen<\/span><span class=\"zip\">429 29<\/span><span class=\"country\">N\u011bmecko<\/span><\/dc-con><span class=\"email\">mail@bgs-technic.de<\/span><span class=\"phone\">+49 2196-720480<\/span><bs-empty><\/bs-empty><a href=\"https:\/\/www.bgstechnic.com\/\" class=\"link\" target=\"_blank\">https:\/\/www.bgstechnic.com\/<\/a><\/dc-con><bs-empty><\/bs-empty><\/dc-root><\/div>\n<p><bs-empty><\/bs-empty><\/div>\n<\/div>\n<div id=\"e7862387\" class=\"tabs\">\n","protected":false},"excerpt":{"rendered":"<p>snadno ovladateln\u00fd, mal\u00fd m\u011b\u0159i\u010d vzd\u00e1lenosti s mnoha funkcemi jednotliv\u00e9 a nep\u0159etr\u017eit\u00e9 m\u011b\u0159en\u00ed pro m\u011b\u0159en\u00ed d\u00e9lek a v\u00fdpo\u010det plochy a objemu v\u00fdpo\u010det metody: p\u0159\u00edm\u00fd a nep\u0159\u00edm\u00fd v\u00fdpo\u010det (Pythagorova v\u011bta) pam\u011b\u0165ov\u00e1 funkce pro nam\u011b\u0159en\u00e1 data snadno \u010diteln\u00fd displej s funkc\u00ed podsv\u00edcen\u00ed pouzdro odoln\u00e9 proti prachu a st\u0159\u00edkaj\u00edc\u00ed vod\u011b pro pou\u017eit\u00ed ve zt\u00ed\u017een\u00fdch podm\u00ednk\u00e1ch p\u0159\u00eddavn\u00e1 vodov\u00e1ha pro vyrovn\u00e1n\u00ed [&hellip;]<\/p>\n","protected":false},"featured_media":15428,"comment_status":"open","ping_status":"open","template":"","meta":[],"product_brand":[],"product_cat":[64],"product_tag":[],"class_list":{"0":"post-15328","1":"product","2":"type-product","3":"status-publish","4":"has-post-thumbnail","6":"product_cat-rucn-237-n-225-rad-237-a-d-237-lna","8":"first","9":"instock","10":"sale","11":"shipping-taxable","12":"purchasable","13":"product-type-simple"},"yoast_head":"<!-- This site is optimized with the Yoast SEO plugin v26.8 - https:\/\/yoast.com\/product\/yoast-seo-wordpress\/ -->\n<title>Fin\u00e1ln\u00ed V\u00fdprodej BGS Laserov\u00fd d\u00e1lkom\u011br -<\/title>\n<meta name=\"robots\" content=\"index, follow, max-snippet:-1, max-image-preview:large, max-video-preview:-1\" \/>\n<link rel=\"canonical\" href=\"https:\/\/www.domstavpro.com\/index.php\/produkt\/finalni-vyprodej-bgs-laserovy-dalkomer-15328\/\" \/>\n<meta property=\"og:locale\" content=\"cs_CZ\" \/>\n<meta property=\"og:type\" content=\"article\" \/>\n<meta property=\"og:title\" content=\"Fin\u00e1ln\u00ed V\u00fdprodej BGS Laserov\u00fd d\u00e1lkom\u011br -\" \/>\n<meta property=\"og:description\" content=\"snadno ovladateln\u00fd, mal\u00fd m\u011b\u0159i\u010d vzd\u00e1lenosti s mnoha funkcemi jednotliv\u00e9 a nep\u0159etr\u017eit\u00e9 m\u011b\u0159en\u00ed pro m\u011b\u0159en\u00ed d\u00e9lek a v\u00fdpo\u010det plochy a objemu v\u00fdpo\u010det metody: p\u0159\u00edm\u00fd a nep\u0159\u00edm\u00fd v\u00fdpo\u010det (Pythagorova v\u011bta) pam\u011b\u0165ov\u00e1 funkce pro nam\u011b\u0159en\u00e1 data snadno \u010diteln\u00fd displej s funkc\u00ed podsv\u00edcen\u00ed pouzdro odoln\u00e9 proti prachu a st\u0159\u00edkaj\u00edc\u00ed vod\u011b pro pou\u017eit\u00ed ve zt\u00ed\u017een\u00fdch podm\u00ednk\u00e1ch p\u0159\u00eddavn\u00e1 vodov\u00e1ha pro vyrovn\u00e1n\u00ed [&hellip;]\" \/>\n<meta property=\"og:url\" content=\"https:\/\/www.domstavpro.com\/index.php\/produkt\/finalni-vyprodej-bgs-laserovy-dalkomer-15328\/\" \/>\n<meta property=\"og:image\" content=\"https:\/\/www.domstavpro.com\/wp-content\/uploads\/2026\/SK0026842-CZ20260425-093449-0-1777080896-bgs-laserovy-dalkomer.webp\" \/>\n\t<meta property=\"og:image:width\" content=\"1000\" \/>\n\t<meta property=\"og:image:height\" content=\"525\" \/>\n\t<meta property=\"og:image:type\" content=\"image\/webp\" \/>\n<meta name=\"twitter:card\" content=\"summary_large_image\" \/>\n<meta name=\"twitter:label1\" content=\"Odhadovan\u00e1 doba \u010dten\u00ed\" \/>\n\t<meta name=\"twitter:data1\" content=\"1 minuta\" \/>\n<script type=\"application\/ld+json\" class=\"yoast-schema-graph\">{\"@context\":\"https:\/\/schema.org\",\"@graph\":[{\"@type\":\"WebPage\",\"@id\":\"https:\/\/www.domstavpro.com\/index.php\/produkt\/finalni-vyprodej-bgs-laserovy-dalkomer-15328\/\",\"url\":\"https:\/\/www.domstavpro.com\/index.php\/produkt\/finalni-vyprodej-bgs-laserovy-dalkomer-15328\/\",\"name\":\"Fin\u00e1ln\u00ed V\u00fdprodej BGS Laserov\u00fd d\u00e1lkom\u011br -\",\"isPartOf\":{\"@id\":\"https:\/\/www.domstavpro.com\/#website\"},\"primaryImageOfPage\":{\"@id\":\"https:\/\/www.domstavpro.com\/index.php\/produkt\/finalni-vyprodej-bgs-laserovy-dalkomer-15328\/#primaryimage\"},\"image\":{\"@id\":\"https:\/\/www.domstavpro.com\/index.php\/produkt\/finalni-vyprodej-bgs-laserovy-dalkomer-15328\/#primaryimage\"},\"thumbnailUrl\":\"https:\/\/www.domstavpro.com\/wp-content\/uploads\/2026\/SK0026842-CZ20260425-093449-0-1777080896-bgs-laserovy-dalkomer.webp\",\"datePublished\":\"2026-04-27T15:08:29+00:00\",\"breadcrumb\":{\"@id\":\"https:\/\/www.domstavpro.com\/index.php\/produkt\/finalni-vyprodej-bgs-laserovy-dalkomer-15328\/#breadcrumb\"},\"inLanguage\":\"cs\",\"potentialAction\":[{\"@type\":\"ReadAction\",\"target\":[\"https:\/\/www.domstavpro.com\/index.php\/produkt\/finalni-vyprodej-bgs-laserovy-dalkomer-15328\/\"]}]},{\"@type\":\"ImageObject\",\"inLanguage\":\"cs\",\"@id\":\"https:\/\/www.domstavpro.com\/index.php\/produkt\/finalni-vyprodej-bgs-laserovy-dalkomer-15328\/#primaryimage\",\"url\":\"https:\/\/www.domstavpro.com\/wp-content\/uploads\/2026\/SK0026842-CZ20260425-093449-0-1777080896-bgs-laserovy-dalkomer.webp\",\"contentUrl\":\"https:\/\/www.domstavpro.com\/wp-content\/uploads\/2026\/SK0026842-CZ20260425-093449-0-1777080896-bgs-laserovy-dalkomer.webp\",\"width\":1000,\"height\":525},{\"@type\":\"BreadcrumbList\",\"@id\":\"https:\/\/www.domstavpro.com\/index.php\/produkt\/finalni-vyprodej-bgs-laserovy-dalkomer-15328\/#breadcrumb\",\"itemListElement\":[{\"@type\":\"ListItem\",\"position\":1,\"name\":\"Home\",\"item\":\"https:\/\/www.domstavpro.com\/\"},{\"@type\":\"ListItem\",\"position\":2,\"name\":\"Products\",\"item\":\"https:\/\/www.domstavpro.com\/index.php\/products\/\"},{\"@type\":\"ListItem\",\"position\":3,\"name\":\"Fin\u00e1ln\u00ed V\u00fdprodej BGS Laserov\u00fd d\u00e1lkom\u011br\"}]},{\"@type\":\"WebSite\",\"@id\":\"https:\/\/www.domstavpro.com\/#website\",\"url\":\"https:\/\/www.domstavpro.com\/\",\"name\":\"\",\"description\":\"\",\"potentialAction\":[{\"@type\":\"SearchAction\",\"target\":{\"@type\":\"EntryPoint\",\"urlTemplate\":\"https:\/\/www.domstavpro.com\/?s={search_term_string}\"},\"query-input\":{\"@type\":\"PropertyValueSpecification\",\"valueRequired\":true,\"valueName\":\"search_term_string\"}}],\"inLanguage\":\"cs\"}]}<\/script>\n<!-- \/ Yoast SEO plugin. -->","yoast_head_json":{"title":"Fin\u00e1ln\u00ed V\u00fdprodej BGS Laserov\u00fd d\u00e1lkom\u011br -","robots":{"index":"index","follow":"follow","max-snippet":"max-snippet:-1","max-image-preview":"max-image-preview:large","max-video-preview":"max-video-preview:-1"},"canonical":"https:\/\/www.domstavpro.com\/index.php\/produkt\/finalni-vyprodej-bgs-laserovy-dalkomer-15328\/","og_locale":"cs_CZ","og_type":"article","og_title":"Fin\u00e1ln\u00ed V\u00fdprodej BGS Laserov\u00fd d\u00e1lkom\u011br -","og_description":"snadno ovladateln\u00fd, mal\u00fd m\u011b\u0159i\u010d vzd\u00e1lenosti s mnoha funkcemi jednotliv\u00e9 a nep\u0159etr\u017eit\u00e9 m\u011b\u0159en\u00ed pro m\u011b\u0159en\u00ed d\u00e9lek a v\u00fdpo\u010det plochy a objemu v\u00fdpo\u010det metody: p\u0159\u00edm\u00fd a nep\u0159\u00edm\u00fd v\u00fdpo\u010det (Pythagorova v\u011bta) pam\u011b\u0165ov\u00e1 funkce pro nam\u011b\u0159en\u00e1 data snadno \u010diteln\u00fd displej s funkc\u00ed podsv\u00edcen\u00ed pouzdro odoln\u00e9 proti prachu a st\u0159\u00edkaj\u00edc\u00ed vod\u011b pro pou\u017eit\u00ed ve zt\u00ed\u017een\u00fdch podm\u00ednk\u00e1ch p\u0159\u00eddavn\u00e1 vodov\u00e1ha pro vyrovn\u00e1n\u00ed [&hellip;]","og_url":"https:\/\/www.domstavpro.com\/index.php\/produkt\/finalni-vyprodej-bgs-laserovy-dalkomer-15328\/","og_image":[{"width":1000,"height":525,"url":"https:\/\/www.domstavpro.com\/wp-content\/uploads\/2026\/SK0026842-CZ20260425-093449-0-1777080896-bgs-laserovy-dalkomer.webp","type":"image\/webp"}],"twitter_card":"summary_large_image","twitter_misc":{"Odhadovan\u00e1 doba \u010dten\u00ed":"1 minuta"},"schema":{"@context":"https:\/\/schema.org","@graph":[{"@type":"WebPage","@id":"https:\/\/www.domstavpro.com\/index.php\/produkt\/finalni-vyprodej-bgs-laserovy-dalkomer-15328\/","url":"https:\/\/www.domstavpro.com\/index.php\/produkt\/finalni-vyprodej-bgs-laserovy-dalkomer-15328\/","name":"Fin\u00e1ln\u00ed V\u00fdprodej BGS Laserov\u00fd d\u00e1lkom\u011br -","isPartOf":{"@id":"https:\/\/www.domstavpro.com\/#website"},"primaryImageOfPage":{"@id":"https:\/\/www.domstavpro.com\/index.php\/produkt\/finalni-vyprodej-bgs-laserovy-dalkomer-15328\/#primaryimage"},"image":{"@id":"https:\/\/www.domstavpro.com\/index.php\/produkt\/finalni-vyprodej-bgs-laserovy-dalkomer-15328\/#primaryimage"},"thumbnailUrl":"https:\/\/www.domstavpro.com\/wp-content\/uploads\/2026\/SK0026842-CZ20260425-093449-0-1777080896-bgs-laserovy-dalkomer.webp","datePublished":"2026-04-27T15:08:29+00:00","breadcrumb":{"@id":"https:\/\/www.domstavpro.com\/index.php\/produkt\/finalni-vyprodej-bgs-laserovy-dalkomer-15328\/#breadcrumb"},"inLanguage":"cs","potentialAction":[{"@type":"ReadAction","target":["https:\/\/www.domstavpro.com\/index.php\/produkt\/finalni-vyprodej-bgs-laserovy-dalkomer-15328\/"]}]},{"@type":"ImageObject","inLanguage":"cs","@id":"https:\/\/www.domstavpro.com\/index.php\/produkt\/finalni-vyprodej-bgs-laserovy-dalkomer-15328\/#primaryimage","url":"https:\/\/www.domstavpro.com\/wp-content\/uploads\/2026\/SK0026842-CZ20260425-093449-0-1777080896-bgs-laserovy-dalkomer.webp","contentUrl":"https:\/\/www.domstavpro.com\/wp-content\/uploads\/2026\/SK0026842-CZ20260425-093449-0-1777080896-bgs-laserovy-dalkomer.webp","width":1000,"height":525},{"@type":"BreadcrumbList","@id":"https:\/\/www.domstavpro.com\/index.php\/produkt\/finalni-vyprodej-bgs-laserovy-dalkomer-15328\/#breadcrumb","itemListElement":[{"@type":"ListItem","position":1,"name":"Home","item":"https:\/\/www.domstavpro.com\/"},{"@type":"ListItem","position":2,"name":"Products","item":"https:\/\/www.domstavpro.com\/index.php\/products\/"},{"@type":"ListItem","position":3,"name":"Fin\u00e1ln\u00ed V\u00fdprodej BGS Laserov\u00fd d\u00e1lkom\u011br"}]},{"@type":"WebSite","@id":"https:\/\/www.domstavpro.com\/#website","url":"https:\/\/www.domstavpro.com\/","name":"","description":"","potentialAction":[{"@type":"SearchAction","target":{"@type":"EntryPoint","urlTemplate":"https:\/\/www.domstavpro.com\/?s={search_term_string}"},"query-input":{"@type":"PropertyValueSpecification","valueRequired":true,"valueName":"search_term_string"}}],"inLanguage":"cs"}]}},"_links":{"self":[{"href":"https:\/\/www.domstavpro.com\/index.php\/wp-json\/wp\/v2\/product\/15328","targetHints":{"allow":["GET"]}}],"collection":[{"href":"https:\/\/www.domstavpro.com\/index.php\/wp-json\/wp\/v2\/product"}],"about":[{"href":"https:\/\/www.domstavpro.com\/index.php\/wp-json\/wp\/v2\/types\/product"}],"replies":[{"embeddable":true,"href":"https:\/\/www.domstavpro.com\/index.php\/wp-json\/wp\/v2\/comments?post=15328"}],"wp:featuredmedia":[{"embeddable":true,"href":"https:\/\/www.domstavpro.com\/index.php\/wp-json\/wp\/v2\/media\/15428"}],"wp:attachment":[{"href":"https:\/\/www.domstavpro.com\/index.php\/wp-json\/wp\/v2\/media?parent=15328"}],"wp:term":[{"taxonomy":"product_brand","embeddable":true,"href":"https:\/\/www.domstavpro.com\/index.php\/wp-json\/wp\/v2\/product_brand?post=15328"},{"taxonomy":"product_cat","embeddable":true,"href":"https:\/\/www.domstavpro.com\/index.php\/wp-json\/wp\/v2\/product_cat?post=15328"},{"taxonomy":"product_tag","embeddable":true,"href":"https:\/\/www.domstavpro.com\/index.php\/wp-json\/wp\/v2\/product_tag?post=15328"}],"curies":[{"name":"wp","href":"https:\/\/api.w.org\/{rel}","templated":true}]}}