{"id":15325,"date":"2026-04-27T15:08:29","date_gmt":"2026-04-27T15:08:29","guid":{"rendered":""},"modified":"2026-04-27T15:08:29","modified_gmt":"2026-04-27T15:08:29","slug":"bgs-pojizdny-zvedak-hydraulicky-3-t-cenove-vyhodny-15325","status":"publish","type":"product","link":"https:\/\/www.domstavpro.com\/index.php\/produkt\/bgs-pojizdny-zvedak-hydraulicky-3-t-cenove-vyhodny-15325\/","title":{"rendered":"BGS Poj\u00edzdn\u00fd zved\u00e1k, hydraulick\u00fd, 3 t Cenov\u011b V\u00fdhodn\u00fd"},"content":{"rendered":"<div id=\"e7268220\" class=\"pages\">\n<div>\n<div id=\"PDDescription\" class=\"UserContentView userContent v1a v1 bs-view dcon dc164 PDDescription\" ><dc-con><dc-con><bs-empty><\/bs-empty><\/dc-con><dc-con>        <\/p>\n<div class=\"customDescription\">                    <\/div>\n<p><\/dc-con><dc-con><\/p>\n<ul>\n<li>dvojit\u00fd zvedac\u00ed p\u00edst<\/li>\n<li>n\u00edzk\u00e1 sv\u011btl\u00e1 v\u00fd\u0161ka, tak\u017ee se hod\u00ed zejm\u00e9na pro vozidla s n\u00edzkou sv\u011btlou v\u00fd\u0161kou<\/li>\n<li>vysok\u00e1 pohyblivost ve spojen\u00ed se dv\u011bma oto\u010dn\u00fdmi kole\u010dky z oceli a kyselin\u00e1m odoln\u00fdch v\u016f\u010di oleji< \/li>\n<li>bezpe\u010dn\u00e9 a p\u0159esn\u00e9 ovl\u00e1d\u00e1n\u00ed p\u0159i zved\u00e1n\u00ed a spou\u0161t\u011bn\u00ed, jednoduch\u00e9 ovl\u00e1d\u00e1n\u00ed pomoc\u00ed zvedac\u00ed ty\u010de<\/li>\n<li>kompaktn\u00ed design<\/li>\n<li>dvoud\u00edln\u00e1 trubka p\u00e1ky, spodn\u00ed \u010d\u00e1st s gumov\u00fdm chr\u00e1ni\u010dem<\/ li>\n<li>gumov\u00e1 podlo\u017eka z pry\u017ee odoln\u00e9 proti oleji<\/li>\n<\/ul>\n<ul>\n<li>rozm\u011bry p\u0159edn\u00edho kola: O 60 x 46 mm<\/li>\n<li>rozm\u011bry zadn\u00edho kola: O 60 x 30 mm<\/li>\n<li>pr\u016fm\u011br zvedac\u00ed podlo\u017eky: 110 mm<\/li>\n<\/ul>\n<h2>Technick\u00e9 informace<\/h2>\n<p>V\u00fd\u0161ka zdvihu max.: 510 mm Balen\u00ed vhodn\u00e9 k zav\u011b\u0161en\u00ed na st\u011bnu: Ne Hrub\u00e1 hmotnost: 34000 g V\u00fd\u0161ka zdvihu min.: 75 mm D\u00e9lka: 648 mm Jmenovit\u00e1 nosnost: 3 t D\u00e9lka p\u00e1ky: 1247 mm \u0160\u00ed\u0159ka: 344 mm<\/p>\n<h2>Vyu\u017eit\u00ed<\/h2>\n<ul>\n<li>zved\u00e1n\u00ed osobn\u00edch a u\u017eitkov\u00fdch vozidel<\/li>\n<li>servisn\u00ed a mont\u00e1\u017en\u00ed pr\u00e1ce pod vozidlem<\/li>\n<li>pneuservisn\u00ed a d\u00edlensk\u00e9 pou\u017eit\u00ed<\/li>\n<\/ul>\n<h2>V\u00fdhody<\/h2>\n<ul>\n<li>pevn\u00e1 a stabiln\u00ed konstrukce<\/li>\n<li>bezpe\u010dn\u00e9 zved\u00e1n\u00ed vozidla<\/li>\n<li>dlouh\u00e1 \u017eivotnost p\u0159i profesion\u00e1ln\u00edm pou\u017eit\u00ed<\/li>\n<\/ul>\n<h2>Tip<\/h2>\n<p>V\u017edy pou\u017e\u00edvej zved\u00e1k na rovn\u00e9m a pevn\u00e9m povrchu a kombinuj jej s odpov\u00eddaj\u00edc\u00edmi podp\u011brami pro maxim\u00e1ln\u00ed bezpe\u010dnost pr\u00e1ce.<\/p>\n<p><\/dc-con><\/dc-con><\/div>\n<div id=\"PDDescription2\" class=\"UserContentView userContent v1a v1 bs-view dcon dc165 PDDescription2\" >V\u00dd\u0160KA BALEN\u00cd<\/div>\n<\/p><\/div>\n<div id=\"PDTable3\" class=\"ProductDetailTableView v3a v3 bs-view dcon dc185 PDTable3\" >\n<table>\n<thead><\/thead>\n<tbody>\n<tr class=\"attribute attr_bsshop_maker\">\n<td class=\"caption\">V\u00fdrobce<\/td>\n<td class=\"value\">BGS Technic<\/td>\n<\/tr>\n<\/tbody>\n<\/table>\n<\/div>\n<div id=\"PdProductGpsr\" class=\"ProductGpsrView v1a v1 bs-view dcon dc217 PdProductGpsr\" >\n<div class=\"subject\"><dc-root class=\"dcon dc219\"><span class=\"title\">Zodpov\u011bdn&#253; subjekt:<\/span><dc-con><dc-con><span class=\"company\">BGS technik KG<\/span><span class=\"name\">BGS Technic<\/span><\/dc-con><dc-con><span class=\"street\">Bandwirkerstr. 3<\/span><span class=\"city\">Wermelskirchen<\/span><span class=\"zip\">429 29<\/span><span class=\"country\">N\u011bmecko<\/span><\/dc-con><span class=\"email\">mail@bgs-technic.de<\/span><span class=\"phone\">+49 2196-720480<\/span><bs-empty><\/bs-empty><a href=\"https:\/\/www.bgstechnic.com\/\" class=\"link\" target=\"_blank\">https:\/\/www.bgstechnic.com\/<\/a><\/dc-con><bs-empty><\/bs-empty><\/dc-root><\/div>\n<p><bs-empty><\/bs-empty><\/div>\n<\/div>\n<div id=\"e7268221\" class=\"tabs\">\n","protected":false},"excerpt":{"rendered":"<p>dvojit\u00fd zvedac\u00ed p\u00edst n\u00edzk\u00e1 sv\u011btl\u00e1 v\u00fd\u0161ka, tak\u017ee se hod\u00ed zejm\u00e9na pro vozidla s n\u00edzkou sv\u011btlou v\u00fd\u0161kou vysok\u00e1 pohyblivost ve spojen\u00ed se dv\u011bma oto\u010dn\u00fdmi kole\u010dky z oceli a kyselin\u00e1m odoln\u00fdch v\u016f\u010di oleji< \/li> bezpe\u010dn\u00e9 a p\u0159esn\u00e9 ovl\u00e1d\u00e1n\u00ed p\u0159i zved\u00e1n\u00ed a spou\u0161t\u011bn\u00ed, jednoduch\u00e9 ovl\u00e1d\u00e1n\u00ed pomoc\u00ed zvedac\u00ed ty\u010de kompaktn\u00ed design dvoud\u00edln\u00e1 trubka p\u00e1ky, spodn\u00ed \u010d\u00e1st s gumov\u00fdm chr\u00e1ni\u010dem [&hellip;]<\/p>\n","protected":false},"featured_media":15425,"comment_status":"open","ping_status":"open","template":"","meta":[],"product_brand":[],"product_cat":[64],"product_tag":[],"class_list":{"0":"post-15325","1":"product","2":"type-product","3":"status-publish","4":"has-post-thumbnail","6":"product_cat-rucn-237-n-225-rad-237-a-d-237-lna","8":"first","9":"instock","10":"sale","11":"shipping-taxable","12":"purchasable","13":"product-type-simple"},"yoast_head":"<!-- This site is optimized with the Yoast SEO plugin v26.8 - https:\/\/yoast.com\/product\/yoast-seo-wordpress\/ -->\n<title>BGS Poj\u00edzdn\u00fd zved\u00e1k, hydraulick\u00fd, 3 t Cenov\u011b V\u00fdhodn\u00fd -<\/title>\n<meta name=\"robots\" content=\"index, follow, max-snippet:-1, max-image-preview:large, max-video-preview:-1\" \/>\n<link rel=\"canonical\" href=\"https:\/\/www.domstavpro.com\/index.php\/produkt\/bgs-pojizdny-zvedak-hydraulicky-3-t-cenove-vyhodny-15325\/\" \/>\n<meta property=\"og:locale\" content=\"cs_CZ\" \/>\n<meta property=\"og:type\" content=\"article\" \/>\n<meta property=\"og:title\" content=\"BGS Poj\u00edzdn\u00fd zved\u00e1k, hydraulick\u00fd, 3 t Cenov\u011b V\u00fdhodn\u00fd -\" \/>\n<meta property=\"og:description\" content=\"dvojit\u00fd zvedac\u00ed p\u00edst n\u00edzk\u00e1 sv\u011btl\u00e1 v\u00fd\u0161ka, tak\u017ee se hod\u00ed zejm\u00e9na pro vozidla s n\u00edzkou sv\u011btlou v\u00fd\u0161kou vysok\u00e1 pohyblivost ve spojen\u00ed se dv\u011bma oto\u010dn\u00fdmi kole\u010dky z oceli a kyselin\u00e1m odoln\u00fdch v\u016f\u010di oleji&lt; \/li&gt; bezpe\u010dn\u00e9 a p\u0159esn\u00e9 ovl\u00e1d\u00e1n\u00ed p\u0159i zved\u00e1n\u00ed a spou\u0161t\u011bn\u00ed, jednoduch\u00e9 ovl\u00e1d\u00e1n\u00ed pomoc\u00ed zvedac\u00ed ty\u010de kompaktn\u00ed design dvoud\u00edln\u00e1 trubka p\u00e1ky, spodn\u00ed \u010d\u00e1st s gumov\u00fdm chr\u00e1ni\u010dem [&hellip;]\" \/>\n<meta property=\"og:url\" content=\"https:\/\/www.domstavpro.com\/index.php\/produkt\/bgs-pojizdny-zvedak-hydraulicky-3-t-cenove-vyhodny-15325\/\" \/>\n<meta property=\"og:image\" content=\"https:\/\/www.domstavpro.com\/wp-content\/uploads\/2026\/SK0026839-CZ20260425-093449-0-1777080896-bgs-pojizdny-zvedak-hydraulicky-3-t.webp\" \/>\n\t<meta property=\"og:image:width\" content=\"1000\" \/>\n\t<meta property=\"og:image:height\" content=\"525\" \/>\n\t<meta property=\"og:image:type\" content=\"image\/webp\" \/>\n<meta name=\"twitter:card\" content=\"summary_large_image\" \/>\n<meta name=\"twitter:label1\" content=\"Odhadovan\u00e1 doba \u010dten\u00ed\" \/>\n\t<meta name=\"twitter:data1\" content=\"1 minuta\" \/>\n<script type=\"application\/ld+json\" class=\"yoast-schema-graph\">{\"@context\":\"https:\/\/schema.org\",\"@graph\":[{\"@type\":\"WebPage\",\"@id\":\"https:\/\/www.domstavpro.com\/index.php\/produkt\/bgs-pojizdny-zvedak-hydraulicky-3-t-cenove-vyhodny-15325\/\",\"url\":\"https:\/\/www.domstavpro.com\/index.php\/produkt\/bgs-pojizdny-zvedak-hydraulicky-3-t-cenove-vyhodny-15325\/\",\"name\":\"BGS Poj\u00edzdn\u00fd zved\u00e1k, hydraulick\u00fd, 3 t Cenov\u011b V\u00fdhodn\u00fd -\",\"isPartOf\":{\"@id\":\"https:\/\/www.domstavpro.com\/#website\"},\"primaryImageOfPage\":{\"@id\":\"https:\/\/www.domstavpro.com\/index.php\/produkt\/bgs-pojizdny-zvedak-hydraulicky-3-t-cenove-vyhodny-15325\/#primaryimage\"},\"image\":{\"@id\":\"https:\/\/www.domstavpro.com\/index.php\/produkt\/bgs-pojizdny-zvedak-hydraulicky-3-t-cenove-vyhodny-15325\/#primaryimage\"},\"thumbnailUrl\":\"https:\/\/www.domstavpro.com\/wp-content\/uploads\/2026\/SK0026839-CZ20260425-093449-0-1777080896-bgs-pojizdny-zvedak-hydraulicky-3-t.webp\",\"datePublished\":\"2026-04-27T15:08:29+00:00\",\"breadcrumb\":{\"@id\":\"https:\/\/www.domstavpro.com\/index.php\/produkt\/bgs-pojizdny-zvedak-hydraulicky-3-t-cenove-vyhodny-15325\/#breadcrumb\"},\"inLanguage\":\"cs\",\"potentialAction\":[{\"@type\":\"ReadAction\",\"target\":[\"https:\/\/www.domstavpro.com\/index.php\/produkt\/bgs-pojizdny-zvedak-hydraulicky-3-t-cenove-vyhodny-15325\/\"]}]},{\"@type\":\"ImageObject\",\"inLanguage\":\"cs\",\"@id\":\"https:\/\/www.domstavpro.com\/index.php\/produkt\/bgs-pojizdny-zvedak-hydraulicky-3-t-cenove-vyhodny-15325\/#primaryimage\",\"url\":\"https:\/\/www.domstavpro.com\/wp-content\/uploads\/2026\/SK0026839-CZ20260425-093449-0-1777080896-bgs-pojizdny-zvedak-hydraulicky-3-t.webp\",\"contentUrl\":\"https:\/\/www.domstavpro.com\/wp-content\/uploads\/2026\/SK0026839-CZ20260425-093449-0-1777080896-bgs-pojizdny-zvedak-hydraulicky-3-t.webp\",\"width\":1000,\"height\":525},{\"@type\":\"BreadcrumbList\",\"@id\":\"https:\/\/www.domstavpro.com\/index.php\/produkt\/bgs-pojizdny-zvedak-hydraulicky-3-t-cenove-vyhodny-15325\/#breadcrumb\",\"itemListElement\":[{\"@type\":\"ListItem\",\"position\":1,\"name\":\"Home\",\"item\":\"https:\/\/www.domstavpro.com\/\"},{\"@type\":\"ListItem\",\"position\":2,\"name\":\"Products\",\"item\":\"https:\/\/www.domstavpro.com\/index.php\/products\/\"},{\"@type\":\"ListItem\",\"position\":3,\"name\":\"BGS Poj\u00edzdn\u00fd zved\u00e1k, hydraulick\u00fd, 3 t Cenov\u011b V\u00fdhodn\u00fd\"}]},{\"@type\":\"WebSite\",\"@id\":\"https:\/\/www.domstavpro.com\/#website\",\"url\":\"https:\/\/www.domstavpro.com\/\",\"name\":\"\",\"description\":\"\",\"potentialAction\":[{\"@type\":\"SearchAction\",\"target\":{\"@type\":\"EntryPoint\",\"urlTemplate\":\"https:\/\/www.domstavpro.com\/?s={search_term_string}\"},\"query-input\":{\"@type\":\"PropertyValueSpecification\",\"valueRequired\":true,\"valueName\":\"search_term_string\"}}],\"inLanguage\":\"cs\"}]}<\/script>\n<!-- \/ Yoast SEO plugin. -->","yoast_head_json":{"title":"BGS Poj\u00edzdn\u00fd zved\u00e1k, hydraulick\u00fd, 3 t Cenov\u011b V\u00fdhodn\u00fd -","robots":{"index":"index","follow":"follow","max-snippet":"max-snippet:-1","max-image-preview":"max-image-preview:large","max-video-preview":"max-video-preview:-1"},"canonical":"https:\/\/www.domstavpro.com\/index.php\/produkt\/bgs-pojizdny-zvedak-hydraulicky-3-t-cenove-vyhodny-15325\/","og_locale":"cs_CZ","og_type":"article","og_title":"BGS Poj\u00edzdn\u00fd zved\u00e1k, hydraulick\u00fd, 3 t Cenov\u011b V\u00fdhodn\u00fd -","og_description":"dvojit\u00fd zvedac\u00ed p\u00edst n\u00edzk\u00e1 sv\u011btl\u00e1 v\u00fd\u0161ka, tak\u017ee se hod\u00ed zejm\u00e9na pro vozidla s n\u00edzkou sv\u011btlou v\u00fd\u0161kou vysok\u00e1 pohyblivost ve spojen\u00ed se dv\u011bma oto\u010dn\u00fdmi kole\u010dky z oceli a kyselin\u00e1m odoln\u00fdch v\u016f\u010di oleji< \/li> bezpe\u010dn\u00e9 a p\u0159esn\u00e9 ovl\u00e1d\u00e1n\u00ed p\u0159i zved\u00e1n\u00ed a spou\u0161t\u011bn\u00ed, jednoduch\u00e9 ovl\u00e1d\u00e1n\u00ed pomoc\u00ed zvedac\u00ed ty\u010de kompaktn\u00ed design dvoud\u00edln\u00e1 trubka p\u00e1ky, spodn\u00ed \u010d\u00e1st s gumov\u00fdm chr\u00e1ni\u010dem [&hellip;]","og_url":"https:\/\/www.domstavpro.com\/index.php\/produkt\/bgs-pojizdny-zvedak-hydraulicky-3-t-cenove-vyhodny-15325\/","og_image":[{"width":1000,"height":525,"url":"https:\/\/www.domstavpro.com\/wp-content\/uploads\/2026\/SK0026839-CZ20260425-093449-0-1777080896-bgs-pojizdny-zvedak-hydraulicky-3-t.webp","type":"image\/webp"}],"twitter_card":"summary_large_image","twitter_misc":{"Odhadovan\u00e1 doba \u010dten\u00ed":"1 minuta"},"schema":{"@context":"https:\/\/schema.org","@graph":[{"@type":"WebPage","@id":"https:\/\/www.domstavpro.com\/index.php\/produkt\/bgs-pojizdny-zvedak-hydraulicky-3-t-cenove-vyhodny-15325\/","url":"https:\/\/www.domstavpro.com\/index.php\/produkt\/bgs-pojizdny-zvedak-hydraulicky-3-t-cenove-vyhodny-15325\/","name":"BGS Poj\u00edzdn\u00fd zved\u00e1k, hydraulick\u00fd, 3 t Cenov\u011b V\u00fdhodn\u00fd -","isPartOf":{"@id":"https:\/\/www.domstavpro.com\/#website"},"primaryImageOfPage":{"@id":"https:\/\/www.domstavpro.com\/index.php\/produkt\/bgs-pojizdny-zvedak-hydraulicky-3-t-cenove-vyhodny-15325\/#primaryimage"},"image":{"@id":"https:\/\/www.domstavpro.com\/index.php\/produkt\/bgs-pojizdny-zvedak-hydraulicky-3-t-cenove-vyhodny-15325\/#primaryimage"},"thumbnailUrl":"https:\/\/www.domstavpro.com\/wp-content\/uploads\/2026\/SK0026839-CZ20260425-093449-0-1777080896-bgs-pojizdny-zvedak-hydraulicky-3-t.webp","datePublished":"2026-04-27T15:08:29+00:00","breadcrumb":{"@id":"https:\/\/www.domstavpro.com\/index.php\/produkt\/bgs-pojizdny-zvedak-hydraulicky-3-t-cenove-vyhodny-15325\/#breadcrumb"},"inLanguage":"cs","potentialAction":[{"@type":"ReadAction","target":["https:\/\/www.domstavpro.com\/index.php\/produkt\/bgs-pojizdny-zvedak-hydraulicky-3-t-cenove-vyhodny-15325\/"]}]},{"@type":"ImageObject","inLanguage":"cs","@id":"https:\/\/www.domstavpro.com\/index.php\/produkt\/bgs-pojizdny-zvedak-hydraulicky-3-t-cenove-vyhodny-15325\/#primaryimage","url":"https:\/\/www.domstavpro.com\/wp-content\/uploads\/2026\/SK0026839-CZ20260425-093449-0-1777080896-bgs-pojizdny-zvedak-hydraulicky-3-t.webp","contentUrl":"https:\/\/www.domstavpro.com\/wp-content\/uploads\/2026\/SK0026839-CZ20260425-093449-0-1777080896-bgs-pojizdny-zvedak-hydraulicky-3-t.webp","width":1000,"height":525},{"@type":"BreadcrumbList","@id":"https:\/\/www.domstavpro.com\/index.php\/produkt\/bgs-pojizdny-zvedak-hydraulicky-3-t-cenove-vyhodny-15325\/#breadcrumb","itemListElement":[{"@type":"ListItem","position":1,"name":"Home","item":"https:\/\/www.domstavpro.com\/"},{"@type":"ListItem","position":2,"name":"Products","item":"https:\/\/www.domstavpro.com\/index.php\/products\/"},{"@type":"ListItem","position":3,"name":"BGS Poj\u00edzdn\u00fd zved\u00e1k, hydraulick\u00fd, 3 t Cenov\u011b V\u00fdhodn\u00fd"}]},{"@type":"WebSite","@id":"https:\/\/www.domstavpro.com\/#website","url":"https:\/\/www.domstavpro.com\/","name":"","description":"","potentialAction":[{"@type":"SearchAction","target":{"@type":"EntryPoint","urlTemplate":"https:\/\/www.domstavpro.com\/?s={search_term_string}"},"query-input":{"@type":"PropertyValueSpecification","valueRequired":true,"valueName":"search_term_string"}}],"inLanguage":"cs"}]}},"_links":{"self":[{"href":"https:\/\/www.domstavpro.com\/index.php\/wp-json\/wp\/v2\/product\/15325","targetHints":{"allow":["GET"]}}],"collection":[{"href":"https:\/\/www.domstavpro.com\/index.php\/wp-json\/wp\/v2\/product"}],"about":[{"href":"https:\/\/www.domstavpro.com\/index.php\/wp-json\/wp\/v2\/types\/product"}],"replies":[{"embeddable":true,"href":"https:\/\/www.domstavpro.com\/index.php\/wp-json\/wp\/v2\/comments?post=15325"}],"wp:featuredmedia":[{"embeddable":true,"href":"https:\/\/www.domstavpro.com\/index.php\/wp-json\/wp\/v2\/media\/15425"}],"wp:attachment":[{"href":"https:\/\/www.domstavpro.com\/index.php\/wp-json\/wp\/v2\/media?parent=15325"}],"wp:term":[{"taxonomy":"product_brand","embeddable":true,"href":"https:\/\/www.domstavpro.com\/index.php\/wp-json\/wp\/v2\/product_brand?post=15325"},{"taxonomy":"product_cat","embeddable":true,"href":"https:\/\/www.domstavpro.com\/index.php\/wp-json\/wp\/v2\/product_cat?post=15325"},{"taxonomy":"product_tag","embeddable":true,"href":"https:\/\/www.domstavpro.com\/index.php\/wp-json\/wp\/v2\/product_tag?post=15325"}],"curies":[{"name":"wp","href":"https:\/\/api.w.org\/{rel}","templated":true}]}}