{"id":14337,"date":"2026-04-27T15:08:26","date_gmt":"2026-04-27T15:08:26","guid":{"rendered":""},"modified":"2026-04-27T15:08:26","modified_gmt":"2026-04-27T15:08:26","slug":"primo-od-vyrobce-koupelnovy-radiator-pmh-ulysses-900x838mm-cerna-leskla-14337","status":"publish","type":"product","link":"https:\/\/www.domstavpro.com\/index.php\/produkt\/primo-od-vyrobce-koupelnovy-radiator-pmh-ulysses-900x838mm-cerna-leskla-14337\/","title":{"rendered":"P\u0159\u00edmo Od V\u00fdrobce Koupelnov\u00fd radi\u00e1tor PMH Ulysses 900x838mm, \u010cern\u00e1 leskl\u00e1"},"content":{"rendered":"<div id=\"e7027480\" class=\"pages\">\n<div>\n<div id=\"PDDescription\" class=\"UserContentView userContent v1a v1 bs-view dcon dc164 PDDescription\" ><dc-con><dc-con><bs-empty><\/bs-empty><\/dc-con><dc-con>        <\/p>\n<div class=\"customDescription\">\n<p><span style=\"color: #ff0000;\"><strong>Na v\u0161echny koupelnov\u00e9 radi\u00e1tory zna\u010dky P.M.H. po\u017eadujeme 50% z\u00e1lohu!!<br \/><\/strong><\/span><\/p>\n<\/p><\/div>\n<p><\/dc-con><dc-con><\/p>\n<p>Koupelnov\u00fd \u017eeb\u0159\u00edk m\u00e1 d\u016fmysln\u011b\u00a0 rozlo\u017een\u00e9 p\u0159\u00ed\u010dn\u00e9 trubky, kter\u00e9\u00a0 zcela netradi\u010dn\u011b p\u0159ech\u00e1z\u00ed\u00a0 skrz svisl\u00e9 bo\u010dn\u00ed profily.<\/p>\n<p style=\"text-align: center;\"><img decoding=\"async\" dir=\"\" src=\"https:\/\/www.pmh-co.eu\/galerie\/tinymce\/CZ%201.jpg\" alt=\"\" width=\"80\" height=\"55\" \/>&nbsp;<\/p>\n<p style=\"text-align: center;\"><u><strong>Mo\u017enosti p\u0159ipojen\u00ed radi\u00e1toru Ulysses<\/strong>&nbsp;<\/u><\/p>\n<div class=\"row\">\n<div class=\"col-md-23 thumbnail\" style=\"text-align: center;\"><img decoding=\"async\" src=\"http:\/\/www.pmh-co.eu\/galerie\/tinymce\/radiatory\/pripojeni_roztec_II.jpg\" alt=\"na rozte\u010d\" width=\"200\" height=\"150\" \/><\/div>\n<div class=\"col-md-23  thumbnail col-md-offset-2\" style=\"text-align: center;\"><img decoding=\"async\" src=\"http:\/\/www.pmh-co.eu\/galerie\/tinymce\/radiatory\/pripojeni_strana_II.jpg\" alt=\"na  jednu stranu\" width=\"200\" height=\"150\" \/><\/div>\n<\/div>\n<hr \/>\n<p><\/dc-con><\/dc-con><\/div>\n<\/p><\/div>\n<div id=\"PDTable3\" class=\"ProductDetailTableView v3a v3 bs-view dcon dc185 PDTable3\" >\n<table>\n<thead><\/thead>\n<tbody>\n<tr class=\"attribute attr_pripojeni\">\n<td class=\"caption\">P\u0159ipojen\u00ed<\/td>\n<td class=\"value\">Spodn\u00ed<\/td>\n<\/tr>\n<tr class=\"attribute attr_bsshop_maker\">\n<td class=\"caption\">V\u00fdrobce<\/td>\n<td class=\"value\">P.M.H. Invest &#038; Trade s.r.o.<\/td>\n<\/tr>\n<tr class=\"attribute attr_teplota\">\n<td class=\"caption\">Teplota \u00b0C<\/td>\n<td class=\"value\">400<\/td>\n<\/tr>\n<tr class=\"attribute attr_Roztec attr_pripojeni attr_v attr_mm\">\n<td class=\"caption\">Rozte\u010d p\u0159ipojen\u00ed v mm<\/td>\n<td class=\"value\">846<\/td>\n<\/tr>\n<tr class=\"attribute attr_bsshop_e1_VPrBsVykonRad\">\n<td class=\"caption\">V\u00fdkon<\/td>\n<td class=\"value\">300.00<\/td>\n<\/tr>\n<tr class=\"weight\">\n<td class=\"caption\"><span>Hmotnost<\/span><\/td>\n<td class=\"value\"><span>11,00 kg<\/span><\/td>\n<\/tr>\n<\/tbody>\n<\/table>\n<\/div>\n<div id=\"PdProductGpsr\" class=\"ProductGpsrView v1a v1 bs-view dcon dc217 PdProductGpsr\" >\n<div class=\"subject\"><dc-root class=\"dcon dc219\"><span class=\"title\">Zodpov\u011bdn&#253; subjekt:<\/span><dc-con><dc-con><span class=\"company\">P.M.H. Design s.r.o.<\/span><span class=\"name\">P.M.H. Design<\/span><\/dc-con><dc-con><span class=\"street\">P\u0159&#237;se\u010dn&#225; 556<\/span><span class=\"city\">\u010cesk&#253; Krumlov<\/span><span class=\"zip\">381 01<\/span><span class=\"country\">\u010cesko<\/span><\/dc-con><span class=\"email\">info@pmh-co.cz<\/span><span class=\"phone\">380 711 237<\/span><bs-empty><\/bs-empty><a href=\"https:\/\/www.pmh-co.eu\/\" class=\"link\" target=\"_blank\">https:\/\/www.pmh-co.eu\/<\/a><\/dc-con><bs-empty><\/bs-empty><\/dc-root><\/div>\n<p><bs-empty><\/bs-empty><\/div>\n<\/div>\n<div id=\"e7027481\" class=\"tabs\">\n","protected":false},"excerpt":{"rendered":"<p>Na v\u0161echny koupelnov\u00e9 radi\u00e1tory zna\u010dky P.M.H. po\u017eadujeme 50% z\u00e1lohu!! Koupelnov\u00fd \u017eeb\u0159\u00edk m\u00e1 d\u016fmysln\u011b\u00a0 rozlo\u017een\u00e9 p\u0159\u00ed\u010dn\u00e9 trubky, kter\u00e9\u00a0 zcela netradi\u010dn\u011b p\u0159ech\u00e1z\u00ed\u00a0 skrz svisl\u00e9 bo\u010dn\u00ed profily. &nbsp; Mo\u017enosti p\u0159ipojen\u00ed radi\u00e1toru Ulysses&nbsp; P\u0159ipojen\u00ed Spodn\u00ed V\u00fdrobce P.M.H. Invest &#038; Trade s.r.o. Teplota \u00b0C 400 Rozte\u010d p\u0159ipojen\u00ed v mm 846 V\u00fdkon 300.00 Hmotnost 11,00 kg Zodpov\u011bdn&#253; subjekt:P.M.H. Design s.r.o.P.M.H. DesignP\u0159&#237;se\u010dn&#225; [&hellip;]<\/p>\n","protected":false},"featured_media":14437,"comment_status":"open","ping_status":"open","template":"","meta":[],"product_brand":[],"product_cat":[57],"product_tag":[],"class_list":{"0":"post-14337","1":"product","2":"type-product","3":"status-publish","4":"has-post-thumbnail","6":"product_cat-radi-225-tory","8":"first","9":"instock","10":"sale","11":"shipping-taxable","12":"purchasable","13":"product-type-simple"},"yoast_head":"<!-- This site is optimized with the Yoast SEO plugin v26.8 - https:\/\/yoast.com\/product\/yoast-seo-wordpress\/ -->\n<title>P\u0159\u00edmo Od V\u00fdrobce Koupelnov\u00fd radi\u00e1tor PMH Ulysses 900x838mm, \u010cern\u00e1 leskl\u00e1 -<\/title>\n<meta name=\"robots\" content=\"index, follow, max-snippet:-1, max-image-preview:large, max-video-preview:-1\" \/>\n<link rel=\"canonical\" href=\"https:\/\/www.domstavpro.com\/index.php\/produkt\/primo-od-vyrobce-koupelnovy-radiator-pmh-ulysses-900x838mm-cerna-leskla-14337\/\" \/>\n<meta property=\"og:locale\" content=\"cs_CZ\" \/>\n<meta property=\"og:type\" content=\"article\" \/>\n<meta property=\"og:title\" content=\"P\u0159\u00edmo Od V\u00fdrobce Koupelnov\u00fd radi\u00e1tor PMH Ulysses 900x838mm, \u010cern\u00e1 leskl\u00e1 -\" \/>\n<meta property=\"og:description\" content=\"Na v\u0161echny koupelnov\u00e9 radi\u00e1tory zna\u010dky P.M.H. po\u017eadujeme 50% z\u00e1lohu!! Koupelnov\u00fd \u017eeb\u0159\u00edk m\u00e1 d\u016fmysln\u011b\u00a0 rozlo\u017een\u00e9 p\u0159\u00ed\u010dn\u00e9 trubky, kter\u00e9\u00a0 zcela netradi\u010dn\u011b p\u0159ech\u00e1z\u00ed\u00a0 skrz svisl\u00e9 bo\u010dn\u00ed profily. &nbsp; Mo\u017enosti p\u0159ipojen\u00ed radi\u00e1toru Ulysses&nbsp; P\u0159ipojen\u00ed Spodn\u00ed V\u00fdrobce P.M.H. Invest &#038; Trade s.r.o. Teplota \u00b0C 400 Rozte\u010d p\u0159ipojen\u00ed v mm 846 V\u00fdkon 300.00 Hmotnost 11,00 kg Zodpov\u011bdn&#253; subjekt:P.M.H. Design s.r.o.P.M.H. DesignP\u0159&#237;se\u010dn&#225; [&hellip;]\" \/>\n<meta property=\"og:url\" content=\"https:\/\/www.domstavpro.com\/index.php\/produkt\/primo-od-vyrobce-koupelnovy-radiator-pmh-ulysses-900x838mm-cerna-leskla-14337\/\" \/>\n<meta property=\"og:image\" content=\"https:\/\/www.domstavpro.com\/wp-content\/uploads\/2026\/SK0026346-CZ20260425-093449-0-1777080896-koupelnovy-radiator-pmh-ulysses-900x838mm-cerna-leskla.webp\" \/>\n\t<meta property=\"og:image:width\" content=\"1000\" \/>\n\t<meta property=\"og:image:height\" content=\"525\" \/>\n\t<meta property=\"og:image:type\" content=\"image\/webp\" \/>\n<meta name=\"twitter:card\" content=\"summary_large_image\" \/>\n<script type=\"application\/ld+json\" class=\"yoast-schema-graph\">{\"@context\":\"https:\/\/schema.org\",\"@graph\":[{\"@type\":\"WebPage\",\"@id\":\"https:\/\/www.domstavpro.com\/index.php\/produkt\/primo-od-vyrobce-koupelnovy-radiator-pmh-ulysses-900x838mm-cerna-leskla-14337\/\",\"url\":\"https:\/\/www.domstavpro.com\/index.php\/produkt\/primo-od-vyrobce-koupelnovy-radiator-pmh-ulysses-900x838mm-cerna-leskla-14337\/\",\"name\":\"P\u0159\u00edmo Od V\u00fdrobce Koupelnov\u00fd radi\u00e1tor PMH Ulysses 900x838mm, \u010cern\u00e1 leskl\u00e1 -\",\"isPartOf\":{\"@id\":\"https:\/\/www.domstavpro.com\/#website\"},\"primaryImageOfPage\":{\"@id\":\"https:\/\/www.domstavpro.com\/index.php\/produkt\/primo-od-vyrobce-koupelnovy-radiator-pmh-ulysses-900x838mm-cerna-leskla-14337\/#primaryimage\"},\"image\":{\"@id\":\"https:\/\/www.domstavpro.com\/index.php\/produkt\/primo-od-vyrobce-koupelnovy-radiator-pmh-ulysses-900x838mm-cerna-leskla-14337\/#primaryimage\"},\"thumbnailUrl\":\"https:\/\/www.domstavpro.com\/wp-content\/uploads\/2026\/SK0026346-CZ20260425-093449-0-1777080896-koupelnovy-radiator-pmh-ulysses-900x838mm-cerna-leskla.webp\",\"datePublished\":\"2026-04-27T15:08:26+00:00\",\"breadcrumb\":{\"@id\":\"https:\/\/www.domstavpro.com\/index.php\/produkt\/primo-od-vyrobce-koupelnovy-radiator-pmh-ulysses-900x838mm-cerna-leskla-14337\/#breadcrumb\"},\"inLanguage\":\"cs\",\"potentialAction\":[{\"@type\":\"ReadAction\",\"target\":[\"https:\/\/www.domstavpro.com\/index.php\/produkt\/primo-od-vyrobce-koupelnovy-radiator-pmh-ulysses-900x838mm-cerna-leskla-14337\/\"]}]},{\"@type\":\"ImageObject\",\"inLanguage\":\"cs\",\"@id\":\"https:\/\/www.domstavpro.com\/index.php\/produkt\/primo-od-vyrobce-koupelnovy-radiator-pmh-ulysses-900x838mm-cerna-leskla-14337\/#primaryimage\",\"url\":\"https:\/\/www.domstavpro.com\/wp-content\/uploads\/2026\/SK0026346-CZ20260425-093449-0-1777080896-koupelnovy-radiator-pmh-ulysses-900x838mm-cerna-leskla.webp\",\"contentUrl\":\"https:\/\/www.domstavpro.com\/wp-content\/uploads\/2026\/SK0026346-CZ20260425-093449-0-1777080896-koupelnovy-radiator-pmh-ulysses-900x838mm-cerna-leskla.webp\",\"width\":1000,\"height\":525},{\"@type\":\"BreadcrumbList\",\"@id\":\"https:\/\/www.domstavpro.com\/index.php\/produkt\/primo-od-vyrobce-koupelnovy-radiator-pmh-ulysses-900x838mm-cerna-leskla-14337\/#breadcrumb\",\"itemListElement\":[{\"@type\":\"ListItem\",\"position\":1,\"name\":\"Home\",\"item\":\"https:\/\/www.domstavpro.com\/\"},{\"@type\":\"ListItem\",\"position\":2,\"name\":\"Products\",\"item\":\"https:\/\/www.domstavpro.com\/index.php\/products\/\"},{\"@type\":\"ListItem\",\"position\":3,\"name\":\"P\u0159\u00edmo Od V\u00fdrobce Koupelnov\u00fd radi\u00e1tor PMH Ulysses 900x838mm, \u010cern\u00e1 leskl\u00e1\"}]},{\"@type\":\"WebSite\",\"@id\":\"https:\/\/www.domstavpro.com\/#website\",\"url\":\"https:\/\/www.domstavpro.com\/\",\"name\":\"\",\"description\":\"\",\"potentialAction\":[{\"@type\":\"SearchAction\",\"target\":{\"@type\":\"EntryPoint\",\"urlTemplate\":\"https:\/\/www.domstavpro.com\/?s={search_term_string}\"},\"query-input\":{\"@type\":\"PropertyValueSpecification\",\"valueRequired\":true,\"valueName\":\"search_term_string\"}}],\"inLanguage\":\"cs\"}]}<\/script>\n<!-- \/ Yoast SEO plugin. -->","yoast_head_json":{"title":"P\u0159\u00edmo Od V\u00fdrobce Koupelnov\u00fd radi\u00e1tor PMH Ulysses 900x838mm, \u010cern\u00e1 leskl\u00e1 -","robots":{"index":"index","follow":"follow","max-snippet":"max-snippet:-1","max-image-preview":"max-image-preview:large","max-video-preview":"max-video-preview:-1"},"canonical":"https:\/\/www.domstavpro.com\/index.php\/produkt\/primo-od-vyrobce-koupelnovy-radiator-pmh-ulysses-900x838mm-cerna-leskla-14337\/","og_locale":"cs_CZ","og_type":"article","og_title":"P\u0159\u00edmo Od V\u00fdrobce Koupelnov\u00fd radi\u00e1tor PMH Ulysses 900x838mm, \u010cern\u00e1 leskl\u00e1 -","og_description":"Na v\u0161echny koupelnov\u00e9 radi\u00e1tory zna\u010dky P.M.H. po\u017eadujeme 50% z\u00e1lohu!! Koupelnov\u00fd \u017eeb\u0159\u00edk m\u00e1 d\u016fmysln\u011b\u00a0 rozlo\u017een\u00e9 p\u0159\u00ed\u010dn\u00e9 trubky, kter\u00e9\u00a0 zcela netradi\u010dn\u011b p\u0159ech\u00e1z\u00ed\u00a0 skrz svisl\u00e9 bo\u010dn\u00ed profily. &nbsp; Mo\u017enosti p\u0159ipojen\u00ed radi\u00e1toru Ulysses&nbsp; P\u0159ipojen\u00ed Spodn\u00ed V\u00fdrobce P.M.H. Invest &#038; Trade s.r.o. Teplota \u00b0C 400 Rozte\u010d p\u0159ipojen\u00ed v mm 846 V\u00fdkon 300.00 Hmotnost 11,00 kg Zodpov\u011bdn&#253; subjekt:P.M.H. Design s.r.o.P.M.H. DesignP\u0159&#237;se\u010dn&#225; [&hellip;]","og_url":"https:\/\/www.domstavpro.com\/index.php\/produkt\/primo-od-vyrobce-koupelnovy-radiator-pmh-ulysses-900x838mm-cerna-leskla-14337\/","og_image":[{"width":1000,"height":525,"url":"https:\/\/www.domstavpro.com\/wp-content\/uploads\/2026\/SK0026346-CZ20260425-093449-0-1777080896-koupelnovy-radiator-pmh-ulysses-900x838mm-cerna-leskla.webp","type":"image\/webp"}],"twitter_card":"summary_large_image","schema":{"@context":"https:\/\/schema.org","@graph":[{"@type":"WebPage","@id":"https:\/\/www.domstavpro.com\/index.php\/produkt\/primo-od-vyrobce-koupelnovy-radiator-pmh-ulysses-900x838mm-cerna-leskla-14337\/","url":"https:\/\/www.domstavpro.com\/index.php\/produkt\/primo-od-vyrobce-koupelnovy-radiator-pmh-ulysses-900x838mm-cerna-leskla-14337\/","name":"P\u0159\u00edmo Od V\u00fdrobce Koupelnov\u00fd radi\u00e1tor PMH Ulysses 900x838mm, \u010cern\u00e1 leskl\u00e1 -","isPartOf":{"@id":"https:\/\/www.domstavpro.com\/#website"},"primaryImageOfPage":{"@id":"https:\/\/www.domstavpro.com\/index.php\/produkt\/primo-od-vyrobce-koupelnovy-radiator-pmh-ulysses-900x838mm-cerna-leskla-14337\/#primaryimage"},"image":{"@id":"https:\/\/www.domstavpro.com\/index.php\/produkt\/primo-od-vyrobce-koupelnovy-radiator-pmh-ulysses-900x838mm-cerna-leskla-14337\/#primaryimage"},"thumbnailUrl":"https:\/\/www.domstavpro.com\/wp-content\/uploads\/2026\/SK0026346-CZ20260425-093449-0-1777080896-koupelnovy-radiator-pmh-ulysses-900x838mm-cerna-leskla.webp","datePublished":"2026-04-27T15:08:26+00:00","breadcrumb":{"@id":"https:\/\/www.domstavpro.com\/index.php\/produkt\/primo-od-vyrobce-koupelnovy-radiator-pmh-ulysses-900x838mm-cerna-leskla-14337\/#breadcrumb"},"inLanguage":"cs","potentialAction":[{"@type":"ReadAction","target":["https:\/\/www.domstavpro.com\/index.php\/produkt\/primo-od-vyrobce-koupelnovy-radiator-pmh-ulysses-900x838mm-cerna-leskla-14337\/"]}]},{"@type":"ImageObject","inLanguage":"cs","@id":"https:\/\/www.domstavpro.com\/index.php\/produkt\/primo-od-vyrobce-koupelnovy-radiator-pmh-ulysses-900x838mm-cerna-leskla-14337\/#primaryimage","url":"https:\/\/www.domstavpro.com\/wp-content\/uploads\/2026\/SK0026346-CZ20260425-093449-0-1777080896-koupelnovy-radiator-pmh-ulysses-900x838mm-cerna-leskla.webp","contentUrl":"https:\/\/www.domstavpro.com\/wp-content\/uploads\/2026\/SK0026346-CZ20260425-093449-0-1777080896-koupelnovy-radiator-pmh-ulysses-900x838mm-cerna-leskla.webp","width":1000,"height":525},{"@type":"BreadcrumbList","@id":"https:\/\/www.domstavpro.com\/index.php\/produkt\/primo-od-vyrobce-koupelnovy-radiator-pmh-ulysses-900x838mm-cerna-leskla-14337\/#breadcrumb","itemListElement":[{"@type":"ListItem","position":1,"name":"Home","item":"https:\/\/www.domstavpro.com\/"},{"@type":"ListItem","position":2,"name":"Products","item":"https:\/\/www.domstavpro.com\/index.php\/products\/"},{"@type":"ListItem","position":3,"name":"P\u0159\u00edmo Od V\u00fdrobce Koupelnov\u00fd radi\u00e1tor PMH Ulysses 900x838mm, \u010cern\u00e1 leskl\u00e1"}]},{"@type":"WebSite","@id":"https:\/\/www.domstavpro.com\/#website","url":"https:\/\/www.domstavpro.com\/","name":"","description":"","potentialAction":[{"@type":"SearchAction","target":{"@type":"EntryPoint","urlTemplate":"https:\/\/www.domstavpro.com\/?s={search_term_string}"},"query-input":{"@type":"PropertyValueSpecification","valueRequired":true,"valueName":"search_term_string"}}],"inLanguage":"cs"}]}},"_links":{"self":[{"href":"https:\/\/www.domstavpro.com\/index.php\/wp-json\/wp\/v2\/product\/14337","targetHints":{"allow":["GET"]}}],"collection":[{"href":"https:\/\/www.domstavpro.com\/index.php\/wp-json\/wp\/v2\/product"}],"about":[{"href":"https:\/\/www.domstavpro.com\/index.php\/wp-json\/wp\/v2\/types\/product"}],"replies":[{"embeddable":true,"href":"https:\/\/www.domstavpro.com\/index.php\/wp-json\/wp\/v2\/comments?post=14337"}],"wp:featuredmedia":[{"embeddable":true,"href":"https:\/\/www.domstavpro.com\/index.php\/wp-json\/wp\/v2\/media\/14437"}],"wp:attachment":[{"href":"https:\/\/www.domstavpro.com\/index.php\/wp-json\/wp\/v2\/media?parent=14337"}],"wp:term":[{"taxonomy":"product_brand","embeddable":true,"href":"https:\/\/www.domstavpro.com\/index.php\/wp-json\/wp\/v2\/product_brand?post=14337"},{"taxonomy":"product_cat","embeddable":true,"href":"https:\/\/www.domstavpro.com\/index.php\/wp-json\/wp\/v2\/product_cat?post=14337"},{"taxonomy":"product_tag","embeddable":true,"href":"https:\/\/www.domstavpro.com\/index.php\/wp-json\/wp\/v2\/product_tag?post=14337"}],"curies":[{"name":"wp","href":"https:\/\/api.w.org\/{rel}","templated":true}]}}